CRAN Package Check Results for Package tvReg

Last updated on 2022-01-17 05:51:25 CET.

Flavor Version Tinstall Tcheck Ttotal Status Flags
r-devel-linux-x86_64-debian-clang 0.5.6 14.72 546.28 561.00 OK
r-devel-linux-x86_64-debian-gcc 0.5.6 13.79 350.38 364.17 OK
r-devel-linux-x86_64-fedora-clang 0.5.6 678.22 OK
r-devel-linux-x86_64-fedora-gcc 0.5.6 701.54 OK
r-devel-windows-x86_64-new-UL 0.5.6 56.00 501.00 557.00 OK
r-devel-windows-x86_64-new-TK 0.5.6 ERROR
r-patched-linux-x86_64 0.5.6 13.15 493.49 506.64 OK
r-release-linux-x86_64 0.5.6 OK
r-release-macos-arm64 0.5.6 OK
r-release-macos-x86_64 0.5.6 OK
r-release-windows-ix86+x86_64 0.5.6 30.00 563.00 593.00 OK
r-oldrel-macos-x86_64 0.5.6 OK
r-oldrel-windows-ix86+x86_64 0.5.6 32.00 750.00 782.00 OK

Check Details

Version: 0.5.6
Check: package dependencies
Result: ERROR
    Package required but not available: 'systemfit'
    
    See section 'The DESCRIPTION file' in the 'Writing R Extensions'
    manual.
Flavor: r-devel-windows-x86_64-new-TK