CRAN Package Check Results for Package uavRmp

Last updated on 2021-06-18 05:49:05 CEST.

Flavor Version Tinstall Tcheck Ttotal Status Flags
r-devel-linux-x86_64-debian-clang 0.5.7 12.28 114.90 127.18 NOTE
r-devel-linux-x86_64-debian-gcc 0.5.7 10.27 83.39 93.66 NOTE
r-devel-linux-x86_64-fedora-clang 0.5.7 160.03 NOTE
r-devel-linux-x86_64-fedora-gcc 0.5.7 147.74 NOTE
r-devel-windows-x86_64 0.5.7 22.00 136.00 158.00 NOTE
r-devel-windows-x86_64-gcc10-UCRT 0.5.7 ERROR
r-patched-linux-x86_64 0.5.7 13.05 106.80 119.85 NOTE
r-patched-solaris-x86 0.5.7 213.20 NOTE
r-release-linux-x86_64 0.5.7 13.02 106.06 119.08 NOTE
r-release-macos-arm64 0.5.7 NOTE
r-release-macos-x86_64 0.5.7 NOTE
r-release-windows-ix86+x86_64 0.5.7 30.00 134.00 164.00 NOTE
r-oldrel-macos-x86_64 0.5.7 NOTE
r-oldrel-windows-ix86+x86_64 0.5.7 22.00 120.00 142.00 OK

Check Details

Version: 0.5.7
Check: LazyData
Result: NOTE
     'LazyData' is specified without a 'data' directory
Flavors: r-devel-linux-x86_64-debian-clang, r-devel-linux-x86_64-debian-gcc, r-devel-linux-x86_64-fedora-clang, r-devel-linux-x86_64-fedora-gcc, r-devel-windows-x86_64, r-patched-linux-x86_64, r-patched-solaris-x86, r-release-linux-x86_64, r-release-macos-arm64, r-release-macos-x86_64, r-release-windows-ix86+x86_64

Version: 0.5.7
Check: dependencies in R code
Result: NOTE
    Namespace in Imports field not imported from: ‘rlang’
     All declared Imports should be used.
Flavors: r-devel-linux-x86_64-fedora-clang, r-devel-linux-x86_64-fedora-gcc, r-patched-solaris-x86, r-release-macos-arm64, r-release-macos-x86_64, r-oldrel-macos-x86_64

Version: 0.5.7
Check: package dependencies
Result: ERROR
    Packages required but not available: 'sf', 'link2GI'
    
    Package suggested but not available for checking: 'mapview'
    
    See section 'The DESCRIPTION file' in the 'Writing R Extensions'
    manual.
Flavor: r-devel-windows-x86_64-gcc10-UCRT

Version: 0.5.7
Check: package dependencies
Result: NOTE
    Package suggested but not available for checking: ‘mapview’
Flavor: r-release-macos-arm64