CRAN Package Check Results for Package udpipe

Last updated on 2021-06-18 05:49:05 CEST.

Flavor Version Tinstall Tcheck Ttotal Status Flags
r-devel-linux-x86_64-debian-clang 0.8.6 153.36 403.88 557.24 OK
r-devel-linux-x86_64-debian-gcc 0.8.6 133.76 325.45 459.21 OK
r-devel-linux-x86_64-fedora-clang 0.8.6 680.21 NOTE
r-devel-linux-x86_64-fedora-gcc 0.8.6 752.45 OK
r-devel-windows-x86_64 0.8.6 171.00 423.00 594.00 NOTE
r-devel-windows-x86_64-gcc10-UCRT 0.8.6 OK
r-patched-linux-x86_64 0.8.6 152.12 420.77 572.89 OK
r-patched-solaris-x86 0.8.6 809.20 NOTE
r-release-linux-x86_64 0.8.6 155.76 419.25 575.01 OK
r-release-macos-arm64 0.8.5 NOTE
r-release-macos-x86_64 0.8.6 NOTE
r-release-windows-ix86+x86_64 0.8.6 319.00 603.00 922.00 NOTE
r-oldrel-macos-x86_64 0.8.6 NOTE
r-oldrel-windows-ix86+x86_64 0.8.6 234.00 611.00 845.00 NOTE

Check Details

Version: 0.8.6
Check: installed package size
Result: NOTE
     installed size is 24.0Mb
     sub-directories of 1Mb or more:
     doc 1.4Mb
     dummydata 1.4Mb
     libs 19.4Mb
Flavors: r-devel-linux-x86_64-fedora-clang, r-devel-windows-x86_64, r-patched-solaris-x86, r-release-macos-x86_64, r-release-windows-ix86+x86_64, r-oldrel-macos-x86_64, r-oldrel-windows-ix86+x86_64

Version: 0.8.5
Check: installed package size
Result: NOTE
     installed size is 36.1Mb
     sub-directories of 1Mb or more:
     doc 5.8Mb
     dummydata 1.4Mb
     libs 27.2Mb
Flavor: r-release-macos-arm64