CRAN Package Check Results for Package udunits2

Last updated on 2021-07-23 05:52:10 CEST.

Flavor Version Tinstall Tcheck Ttotal Status Flags
r-devel-linux-x86_64-debian-clang 0.13 5.35 23.92 29.27 OK
r-devel-linux-x86_64-debian-gcc 0.13 3.26 19.05 22.31 OK
r-devel-linux-x86_64-fedora-clang 0.13 43.10 NOTE
r-devel-linux-x86_64-fedora-gcc 0.13 32.59 NOTE
r-devel-windows-x86_64 0.13 7.00 35.00 42.00 OK
r-devel-windows-x86_64-gcc10-UCRT 0.13 OK
r-patched-linux-x86_64 0.13 4.15 23.40 27.55 OK
r-patched-solaris-x86 0.13 48.50 OK
r-release-linux-x86_64 0.13 4.00 23.43 27.43 OK
r-release-macos-arm64 0.13 ERROR
r-release-macos-x86_64 0.13 ERROR
r-release-windows-ix86+x86_64 0.13 7.00 35.00 42.00 OK
r-oldrel-macos-x86_64 0.13 ERROR
r-oldrel-windows-ix86+x86_64 0.13 8.00 37.00 45.00 OK

Check Details

Version: 0.13
Check: compiled code
Result: NOTE
    File ‘udunits2/libs/udunits2.so’:
     Found no calls to: ‘R_registerRoutines’, ‘R_useDynamicSymbols’
    
    It is good practice to register native routines and to disable symbol
    search.
    
    See ‘Writing portable packages’ in the ‘Writing R Extensions’ manual.
Flavors: r-devel-linux-x86_64-fedora-clang, r-devel-linux-x86_64-fedora-gcc

Version: 0.13
Check: whether package can be installed
Result: ERROR
    Installation failed.
Flavors: r-release-macos-arm64, r-release-macos-x86_64, r-oldrel-macos-x86_64