CRAN Package Check Results for Package uniswappeR

Last updated on 2024-06-12 06:58:36 CEST.

Flavor Version Tinstall Tcheck Ttotal Status Flags
r-devel-linux-x86_64-debian-clang 0.6.1 17.54 124.73 142.27 OK
r-devel-linux-x86_64-debian-gcc 0.6.1 11.72 91.80 103.52 OK
r-devel-linux-x86_64-fedora-clang 0.6.1 93.29 OK
r-devel-linux-x86_64-fedora-gcc 0.6.1 119.47 OK
r-devel-windows-x86_64 0.6.1 13.00 134.00 147.00 OK
r-patched-linux-x86_64 0.6.1 14.43 119.25 133.68 OK
r-release-linux-x86_64 0.6.1 9.94 119.49 129.43 OK
r-release-macos-arm64 0.6.1 80.00 OK
r-release-macos-x86_64 0.6.1 79.00 ERROR
r-release-windows-x86_64 0.6.1 14.00 139.00 153.00 OK
r-oldrel-macos-arm64 0.6.1 85.00 OK
r-oldrel-macos-x86_64 0.6.1 121.00 OK
r-oldrel-windows-x86_64 0.6.1 18.00 165.00 183.00 OK

Check Details

Version: 0.6.1
Check: examples
Result: ERROR Running examples in ‘uniswappeR-Ex.R’ failed The error most likely occurred in: > ### Name: swap_statistics > ### Title: Get statistics on the swaps data for a given address or > ### addresses > ### Aliases: swap_statistics > > ### ** Examples > > > addresses <- c("0xb1b117a45aD71d408eb55475FC3A65454edCc94A", + "0x41D2a18E1DdACdAbFDdADB62e9AEE67c63070b76", + "0x0De20c4bDBE0d0EEFFd2956Be4c148CA86C6cC45") > > swap_data <- swaps(addresses) Error in `.data$Address`: ! Column `Address` not found in `.data`. Backtrace: ▆ 1. ├─uniswappeR::swaps(addresses) 2. │ └─swaps %>% select(.data$Address, everything()) 3. ├─dplyr::select(., .data$Address, everything()) 4. ├─dplyr:::select.data.frame(., .data$Address, everything()) 5. │ └─tidyselect::eval_select(expr(c(...)), data = .data, error_call = error_call) 6. │ └─tidyselect:::eval_select_impl(...) 7. │ ├─tidyselect:::with_subscript_errors(...) 8. │ │ └─base::withCallingHandlers(...) 9. │ └─tidyselect:::vars_select_eval(...) 10. │ └─tidyselect:::walk_data_tree(expr, data_mask, context_mask) 11. │ └─tidyselect:::eval_c(expr, data_mask, context_mask) 12. │ └─tidyselect:::reduce_sels(node, data_mask, context_mask, init = init) 13. │ └─tidyselect:::walk_data_tree(new, data_mask, context_mask) 14. │ └─base::eval(expr, data_mask) 15. │ └─base::eval(expr, data_mask) 16. │ ├─Address 17. │ └─rlang:::`$.rlang_data_pronoun`(.data, Address) 18. │ └─rlang:::data_pronoun_get(...) 19. └─rlang:::abort_data_pronoun(x, call = y) 20. └─rlang::abort(msg, "rlang_error_data_pronoun_not_found", call = call) Execution halted Flavor: r-release-macos-x86_64