CRAN Package Check Results for Package unmarked

Last updated on 2021-01-23 05:47:18 CET.

Flavor Version Tinstall Tcheck Ttotal Status Flags
r-devel-linux-x86_64-debian-clang 1.0.1 363.06 255.18 618.24 NOTE
r-devel-linux-x86_64-debian-gcc 1.0.1 246.94 195.93 442.87 NOTE
r-devel-linux-x86_64-fedora-clang 1.0.1 862.32 NOTE
r-devel-linux-x86_64-fedora-gcc 1.0.1 768.43 NOTE
r-devel-windows-ix86+x86_64 1.0.1 800.00 323.00 1123.00 NOTE
r-patched-linux-x86_64 1.0.1 290.67 241.56 532.23 NOTE
r-patched-solaris-x86 1.0.1 744.90 NOTE
r-release-linux-x86_64 1.0.1 293.05 244.88 537.93 NOTE
r-release-macos-x86_64 1.0.1 NOTE
r-release-windows-ix86+x86_64 1.0.1 797.00 406.00 1203.00 NOTE
r-oldrel-macos-x86_64 1.0.1 NOTE
r-oldrel-windows-ix86+x86_64 1.0.1 533.00 299.00 832.00 NOTE

Check Details

Version: 1.0.1
Check: for GNU extensions in Makefiles
Result: NOTE
    GNU make is a SystemRequirements.
Flavors: r-devel-linux-x86_64-debian-clang, r-devel-linux-x86_64-debian-gcc, r-devel-linux-x86_64-fedora-clang, r-devel-linux-x86_64-fedora-gcc, r-devel-windows-ix86+x86_64, r-patched-linux-x86_64, r-patched-solaris-x86, r-release-linux-x86_64, r-release-macos-x86_64, r-release-windows-ix86+x86_64, r-oldrel-macos-x86_64, r-oldrel-windows-ix86+x86_64

Version: 1.0.1
Check: installed package size
Result: NOTE
     installed size is 16.9Mb
     sub-directories of 1Mb or more:
     R 1.4Mb
     doc 1.6Mb
     libs 12.8Mb
Flavors: r-devel-linux-x86_64-fedora-clang, r-devel-windows-ix86+x86_64, r-patched-solaris-x86, r-release-macos-x86_64, r-release-windows-ix86+x86_64, r-oldrel-macos-x86_64, r-oldrel-windows-ix86+x86_64