CRAN Package Check Results for Package unnest

Last updated on 2021-06-21 05:49:58 CEST.

Flavor Version Tinstall Tcheck Ttotal Status Flags
r-devel-linux-x86_64-debian-clang 0.0.2 13.73 40.06 53.79 NOTE
r-devel-linux-x86_64-debian-gcc 0.0.2 11.37 30.92 42.29 NOTE
r-devel-linux-x86_64-fedora-clang 0.0.2 79.36 NOTE
r-devel-linux-x86_64-fedora-gcc 0.0.2 67.87 NOTE
r-devel-windows-x86_64 0.0.2 20.00 61.00 81.00 NOTE
r-devel-windows-x86_64-gcc10-UCRT 0.0.2 NOTE
r-patched-linux-x86_64 0.0.2 13.37 36.40 49.77 NOTE
r-patched-solaris-x86 0.0.2 121.00 NOTE
r-release-linux-x86_64 0.0.2 13.17 36.76 49.93 NOTE
r-release-macos-arm64 0.0.2 NOTE
r-release-macos-x86_64 0.0.2 NOTE
r-release-windows-ix86+x86_64 0.0.2 38.00 83.00 121.00 NOTE
r-oldrel-macos-x86_64 0.0.2 OK

Check Details

Version: 0.0.2
Check: LazyData
Result: NOTE
     'LazyData' is specified without a 'data' directory
Flavors: r-devel-linux-x86_64-debian-clang, r-devel-linux-x86_64-debian-gcc, r-devel-linux-x86_64-fedora-clang, r-devel-linux-x86_64-fedora-gcc, r-devel-windows-x86_64, r-devel-windows-x86_64-gcc10-UCRT, r-patched-linux-x86_64, r-patched-solaris-x86, r-release-linux-x86_64, r-release-macos-arm64, r-release-macos-x86_64, r-release-windows-ix86+x86_64