CRAN Package Check Results for Package updog

Last updated on 2022-01-22 05:10:37 CET.

Flavor Version Tinstall Tcheck Ttotal Status Flags
r-devel-linux-x86_64-debian-clang 2.1.1 116.84 133.73 250.57 OK
r-devel-linux-x86_64-debian-gcc 2.1.1 79.55 98.40 177.95 OK
r-devel-linux-x86_64-fedora-clang 2.1.1 348.10 OK
r-devel-linux-x86_64-fedora-gcc 2.1.1 328.31 ERROR
r-devel-windows-x86_64-new-UL 2.1.1 130.00 203.00 333.00 OK
r-devel-windows-x86_64-new-TK 2.1.1 OK
r-patched-linux-x86_64 2.1.1 101.24 133.70 234.94 OK
r-release-linux-x86_64 2.1.1 99.73 130.99 230.72 OK
r-release-macos-arm64 2.1.1 NOTE
r-release-macos-x86_64 2.1.1 OK
r-release-windows-ix86+x86_64 2.1.1 294.00 229.00 523.00 OK
r-oldrel-macos-x86_64 2.1.1 OK
r-oldrel-windows-ix86+x86_64 2.1.1 294.00 234.00 528.00 OK

Check Details

Version: 2.1.1
Check: tests
Result: ERROR
     Running ‘testthat.R’ [12s/23s]
    Running the tests in ‘tests/testthat.R’ failed.
    Complete output:
     > library(testthat)
     > library(updog)
     >
     > test_check("updog")
     [ FAIL 1 | WARN 0 | SKIP 0 | PASS 98 ]
    
     ══ Failed tests ════════════════════════════════════════════════════════════════
     ── Error (test_dbetabinom.R:100:3): qbetabinom works ───────────────────────────
     Error in `all.equal.numeric(x, y, tolerance = tolerance, check.attributes = check.attributes,
     ...)`: length(tolerance) == 1L is not TRUE
     Backtrace:
     █
     1. └─testthat::expect_equal(rway, myway, myway2) test_dbetabinom.R:100:2
     2. ├─testthat::compare(act$val, exp$val, ...)
     3. └─testthat:::compare.numeric(act$val, exp$val, ...)
     4. ├─base::all.equal(...)
     5. └─base::all.equal.numeric(...)
     6. └─base::stopifnot(length(tolerance) == 1L)
    
     [ FAIL 1 | WARN 0 | SKIP 0 | PASS 98 ]
     Error: Test failures
     Execution halted
Flavor: r-devel-linux-x86_64-fedora-gcc

Version: 2.1.1
Check: installed package size
Result: NOTE
     installed size is 5.5Mb
     sub-directories of 1Mb or more:
     libs 4.6Mb
Flavor: r-release-macos-arm64