CRAN Package Check Results for Package updog

Last updated on 2020-02-27 05:49:04 CET.

Flavor Version Tinstall Tcheck Ttotal Status Flags
r-devel-linux-x86_64-debian-clang 1.2.0 155.58 110.93 266.51 OK
r-devel-linux-x86_64-debian-gcc 1.2.0 106.48 79.73 186.21 OK
r-devel-linux-x86_64-fedora-clang 1.2.0 376.79 NOTE
r-devel-linux-x86_64-fedora-gcc 1.2.0 336.03 OK
r-devel-windows-ix86+x86_64 1.2.0 282.00 204.00 486.00 OK
r-devel-windows-ix86+x86_64-gcc8 1.2.0 327.00 183.00 510.00 OK
r-patched-linux-x86_64 1.2.0 128.17 97.60 225.77 OK
r-patched-solaris-x86 1.2.0 394.60 OK
r-release-linux-x86_64 1.2.0 127.36 98.93 226.29 OK
r-release-windows-ix86+x86_64 1.2.0 293.00 178.00 471.00 OK
r-release-osx-x86_64 1.2.0 NOTE
r-oldrel-windows-ix86+x86_64 1.2.0 289.00 173.00 462.00 OK
r-oldrel-osx-x86_64 1.2.0 OK

Check Details

Version: 1.2.0
Check: installed package size
Result: NOTE
     installed size is 5.9Mb
     sub-directories of 1Mb or more:
     libs 5.0Mb
Flavors: r-devel-linux-x86_64-fedora-clang, r-release-osx-x86_64