CRAN Package Check Results for Package updog

Last updated on 2019-09-19 05:47:34 CEST.

Flavor Version Tinstall Tcheck Ttotal Status Flags
r-devel-linux-x86_64-debian-clang 1.1.1 129.67 107.68 237.35 OK
r-devel-linux-x86_64-debian-gcc 1.1.1 108.61 79.26 187.87 OK
r-devel-linux-x86_64-fedora-clang 1.1.1 348.16 NOTE
r-devel-linux-x86_64-fedora-gcc 1.1.1 333.35 OK
r-devel-windows-ix86+x86_64 1.1.1 276.00 174.00 450.00 OK
r-patched-linux-x86_64 1.1.1 122.68 103.02 225.70 OK
r-patched-solaris-x86 1.1.1 372.70 OK
r-release-linux-x86_64 1.1.1 117.29 104.55 221.84 OK
r-release-windows-ix86+x86_64 1.1.1 212.00 163.00 375.00 OK
r-release-osx-x86_64 1.1.1 NOTE
r-oldrel-windows-ix86+x86_64 1.1.1 285.00 174.00 459.00 OK
r-oldrel-osx-x86_64 1.1.1 OK

Check Details

Version: 1.1.1
Check: installed package size
Result: NOTE
     installed size is 5.9Mb
     sub-directories of 1Mb or more:
     libs 4.9Mb
Flavors: r-devel-linux-x86_64-fedora-clang, r-release-osx-x86_64