CRAN Package Check Results for Package urlchecker

Last updated on 2024-06-25 07:06:37 CEST.

Flavor Version Tinstall Tcheck Ttotal Status Flags
r-devel-linux-x86_64-debian-clang 1.0.1 1.98 22.12 24.10 OK
r-devel-linux-x86_64-debian-gcc 1.0.1 1.88 17.61 19.49 OK
r-devel-linux-x86_64-fedora-clang 1.0.1 31.29 NOTE
r-devel-linux-x86_64-fedora-gcc 1.0.1 29.17 NOTE
r-devel-windows-x86_64 1.0.1 4.00 39.00 43.00 OK
r-patched-linux-x86_64 1.0.1 2.17 21.68 23.85 OK
r-release-linux-x86_64 1.0.1 2.21 21.09 23.30 OK
r-release-macos-arm64 1.0.1 14.00 OK
r-release-macos-x86_64 1.0.1 19.00 OK
r-release-windows-x86_64 1.0.1 4.00 39.00 43.00 OK
r-oldrel-macos-arm64 1.0.1 15.00 OK
r-oldrel-macos-x86_64 1.0.1 19.00 OK
r-oldrel-windows-x86_64 1.0.1 4.00 40.00 44.00 OK

Check Details

Version: 1.0.1
Check: dependencies in R code
Result: NOTE Namespace in Imports field not imported from: ‘xml2’ All declared Imports should be used. Flavors: r-devel-linux-x86_64-fedora-clang, r-devel-linux-x86_64-fedora-gcc