CRAN Package Check Results for Package usdarnass

Last updated on 2024-06-13 06:58:22 CEST.

Flavor Version Tinstall Tcheck Ttotal Status Flags
r-devel-linux-x86_64-debian-clang 0.1.0 2.14 32.93 35.07 NOTE
r-devel-linux-x86_64-debian-gcc 0.1.0 0.38 1.88 2.26 ERROR
r-devel-linux-x86_64-fedora-clang 0.1.0 47.17 NOTE
r-devel-linux-x86_64-fedora-gcc 0.1.0 54.79 NOTE
r-devel-windows-x86_64 0.1.0 3.00 48.00 51.00 NOTE
r-patched-linux-x86_64 0.1.0 1.78 30.99 32.77 NOTE
r-release-linux-x86_64 0.1.0 1.58 30.90 32.48 NOTE
r-release-macos-arm64 0.1.0 25.00 NOTE
r-release-macos-x86_64 0.1.0 35.00 NOTE
r-release-windows-x86_64 0.1.0 4.00 48.00 52.00 NOTE
r-oldrel-macos-arm64 0.1.0 25.00 NOTE
r-oldrel-macos-x86_64 0.1.0 34.00 NOTE
r-oldrel-windows-x86_64 0.1.0 4.00 49.00 53.00 NOTE

Check Details

Version: 0.1.0
Check: LazyData
Result: NOTE 'LazyData' is specified without a 'data' directory Flavors: r-devel-linux-x86_64-debian-clang, r-devel-linux-x86_64-fedora-clang, r-devel-linux-x86_64-fedora-gcc, r-devel-windows-x86_64, r-patched-linux-x86_64, r-release-linux-x86_64, r-release-macos-arm64, r-release-macos-x86_64, r-release-windows-x86_64, r-oldrel-macos-arm64, r-oldrel-macos-x86_64, r-oldrel-windows-x86_64

Version: 0.1.0
Check: package dependencies
Result: ERROR Package required but not available: ‘readr’ Packages suggested but not available for checking: 'tidyverse', 'dplyr', 'tidyr' See section ‘The DESCRIPTION file’ in the ‘Writing R Extensions’ manual. Flavor: r-devel-linux-x86_64-debian-gcc