CRAN Package Check Results for Package utiml

Last updated on 2019-08-18 05:46:28 CEST.

Flavor Version Tinstall Tcheck Ttotal Status Flags
r-devel-linux-x86_64-debian-clang 0.1.5 8.34 111.78 120.12 OK
r-devel-linux-x86_64-debian-gcc 0.1.5 7.95 86.30 94.25 OK
r-devel-linux-x86_64-fedora-gcc 0.1.5 145.48 OK
r-devel-windows-ix86+x86_64 0.1.5 27.00 279.00 306.00 OK
r-patched-linux-x86_64 0.1.5 7.86 109.88 117.74 OK
r-patched-solaris-x86 0.1.5 189.10 NOTE
r-release-linux-x86_64 0.1.5 9.77 110.21 119.98 OK
r-release-windows-ix86+x86_64 0.1.5 27.00 187.00 214.00 OK
r-release-osx-x86_64 0.1.5 OK
r-oldrel-windows-ix86+x86_64 0.1.5 16.00 164.00 180.00 OK
r-oldrel-osx-x86_64 0.1.5 OK

Check Details

Version: 0.1.5
Check: package dependencies
Result: NOTE
    Packages suggested but not available for checking: 'FSelector', 'RWeka'
Flavor: r-patched-solaris-x86

Version: 0.1.5
Check: Rd cross-references
Result: NOTE
    Package unavailable to check Rd xrefs: ‘FSelector’
Flavor: r-patched-solaris-x86