CRAN Package Check Results for Package uwo4419

Last updated on 2021-11-27 05:49:54 CET.

Flavor Version Tinstall Tcheck Ttotal Status Flags
r-devel-linux-x86_64-debian-clang 0.3.0 OK
r-devel-linux-x86_64-debian-gcc 0.3.0 9.05 80.00 89.05 OK
r-devel-linux-x86_64-fedora-clang 0.3.0 156.18 NOTE
r-devel-linux-x86_64-fedora-gcc 0.3.0 144.32 NOTE
r-devel-windows-x86_64-new-UL 0.3.0 23.00 147.00 170.00 OK
r-devel-windows-x86_64-new-TK 0.3.0 NOTE
r-devel-windows-x86_64-old 0.3.0 18.00 110.00 128.00 OK
r-patched-linux-x86_64 0.3.0 9.94 98.82 108.76 OK
r-patched-solaris-x86 0.3.0 195.40 NOTE
r-release-linux-x86_64 0.3.0 OK
r-release-macos-arm64 0.3.0 NOTE
r-release-macos-x86_64 0.3.0 NOTE
r-release-windows-ix86+x86_64 0.3.0 28.00 125.00 153.00 OK
r-oldrel-macos-x86_64 0.3.0 NOTE
r-oldrel-windows-ix86+x86_64 0.3.0 29.00 129.00 158.00 OK

Check Details

Version: 0.3.0
Check: dependencies in R code
Result: NOTE
    Namespace in Imports field not imported from: ‘rio’
     All declared Imports should be used.
Flavors: r-devel-linux-x86_64-fedora-clang, r-devel-linux-x86_64-fedora-gcc, r-devel-windows-x86_64-new-TK, r-patched-solaris-x86, r-release-macos-arm64, r-release-macos-x86_64, r-oldrel-macos-x86_64