CRAN Package Check Results for Package uxr

Last updated on 2024-06-13 06:58:22 CEST.

Flavor Version Tinstall Tcheck Ttotal Status Flags
r-devel-linux-x86_64-debian-clang 0.2.0 6.83 68.75 75.58 OK
r-devel-linux-x86_64-debian-gcc 0.2.0 0.34 1.88 2.22 ERROR
r-devel-linux-x86_64-fedora-clang 0.2.0 103.95 OK
r-devel-linux-x86_64-fedora-gcc 0.2.0 102.19 OK
r-devel-windows-x86_64 0.2.0 7.00 78.00 85.00 OK
r-patched-linux-x86_64 0.2.0 7.61 66.08 73.69 OK
r-release-linux-x86_64 0.2.0 4.31 65.18 69.49 OK
r-release-macos-arm64 0.2.0 34.00 OK
r-release-macos-x86_64 0.2.0 54.00 OK
r-release-windows-x86_64 0.2.0 7.00 84.00 91.00 OK
r-oldrel-macos-arm64 0.2.0 33.00 OK
r-oldrel-macos-x86_64 0.2.0 54.00 OK
r-oldrel-windows-x86_64 0.2.0 9.00 85.00 94.00 OK

Check Details

Version: 0.2.0
Check: package dependencies
Result: ERROR Packages required but not available: 'dplyr', 'huxtable', 'purrr', 'stringr', 'tibble', 'tidyr' See section ‘The DESCRIPTION file’ in the ‘Writing R Extensions’ manual. Flavor: r-devel-linux-x86_64-debian-gcc