CRAN Package Check Results for Package vaersvax

Last updated on 2021-06-21 05:49:58 CEST.

Flavor Version Tinstall Tcheck Ttotal Status Flags
r-devel-linux-x86_64-debian-clang 1.0.5 1.73 22.02 23.75 NOTE
r-devel-linux-x86_64-debian-gcc 1.0.5 1.49 17.41 18.90 NOTE
r-devel-linux-x86_64-fedora-clang 1.0.5 39.31 NOTE
r-devel-linux-x86_64-fedora-gcc 1.0.5 27.63 NOTE
r-devel-windows-x86_64 1.0.5 3.00 37.00 40.00 NOTE
r-devel-windows-x86_64-gcc10-UCRT 1.0.5 NOTE
r-patched-linux-x86_64 1.0.5 1.93 21.29 23.22 NOTE
r-patched-solaris-x86 1.0.5 46.90 NOTE
r-release-linux-x86_64 1.0.5 1.64 21.00 22.64 NOTE
r-release-macos-arm64 1.0.5 NOTE
r-release-macos-x86_64 1.0.5 NOTE
r-release-windows-ix86+x86_64 1.0.5 5.00 36.00 41.00 NOTE
r-oldrel-macos-x86_64 1.0.5 NOTE

Check Details

Version: 1.0.5
Check: package dependencies
Result: NOTE
    Packages suggested but not available for checking: 'vaers', 'vaersND'
Flavors: r-devel-linux-x86_64-debian-clang, r-devel-linux-x86_64-debian-gcc, r-devel-linux-x86_64-fedora-clang, r-devel-linux-x86_64-fedora-gcc, r-devel-windows-x86_64, r-devel-windows-x86_64-gcc10-UCRT, r-patched-linux-x86_64, r-patched-solaris-x86, r-release-linux-x86_64, r-release-macos-arm64, r-release-macos-x86_64, r-release-windows-ix86+x86_64, r-oldrel-macos-x86_64