CRAN Package Check Results for Package vanddraabe

Last updated on 2019-12-14 05:47:49 CET.

Flavor Version Tinstall Tcheck Ttotal Status Flags
r-devel-linux-x86_64-debian-clang 1.1.1 10.36 74.78 85.14 OK
r-devel-linux-x86_64-debian-gcc 1.1.1 8.41 56.99 65.40 OK
r-devel-linux-x86_64-fedora-clang 1.1.1 104.11 OK
r-devel-linux-x86_64-fedora-gcc 1.1.1 96.11 OK
r-devel-windows-ix86+x86_64 1.1.1 20.00 130.00 150.00 OK
r-devel-windows-ix86+x86_64-gcc8 1.1.1 21.00 122.00 143.00 OK
r-patched-linux-x86_64 1.1.1 7.93 64.80 72.73 OK
r-patched-solaris-x86 1.1.1 127.60 OK
r-release-linux-x86_64 1.1.1 8.95 65.50 74.45 OK
r-release-windows-ix86+x86_64 1.1.1 16.00 98.00 114.00 OK
r-release-osx-x86_64 1.1.1 OK
r-oldrel-osx-x86_64 1.1.1 ERROR

Check Details

Version: 1.1.1
Check: whether package can be installed
Result: ERROR
    Installation failed.
Flavor: r-oldrel-osx-x86_64