CRAN Package Check Results for Package vanddraabe

Last updated on 2019-08-21 05:47:06 CEST.

Flavor Version Tinstall Tcheck Ttotal Status Flags
r-devel-linux-x86_64-debian-clang 1.1.1 8.16 66.09 74.25 OK
r-devel-linux-x86_64-debian-gcc 1.1.1 7.45 52.13 59.58 OK
r-devel-linux-x86_64-fedora-clang 1.1.1 88.42 OK
r-devel-linux-x86_64-fedora-gcc 1.1.1 95.16 OK
r-devel-windows-ix86+x86_64 1.1.1 25.00 213.00 238.00 OK
r-patched-linux-x86_64 1.1.1 9.11 64.56 73.67 OK
r-patched-solaris-x86 1.1.1 142.30 OK
r-release-linux-x86_64 1.1.1 8.97 64.92 73.89 OK
r-release-windows-ix86+x86_64 1.1.1 16.00 86.00 102.00 OK
r-release-osx-x86_64 1.1.1 OK
r-oldrel-osx-x86_64 1.1.1 ERROR

Check Details

Version: 1.1.1
Check: whether package can be installed
Result: ERROR
    Installation failed.
Flavor: r-oldrel-osx-x86_64