Last updated on 2021-01-18 05:47:42 CET.
Flavor | Version | Tinstall | Tcheck | Ttotal | Status | Flags |
---|---|---|---|---|---|---|
r-devel-linux-x86_64-debian-clang | 0.9.0 | 34.22 | 57.59 | 91.81 | OK | |
r-devel-linux-x86_64-debian-gcc | 0.9.0 | 23.46 | 44.53 | 67.99 | OK | |
r-devel-linux-x86_64-fedora-clang | 0.9.0 | 130.67 | NOTE | |||
r-devel-linux-x86_64-fedora-gcc | 0.9.0 | 114.93 | NOTE | |||
r-devel-windows-ix86+x86_64 | 0.9.0 | 58.00 | 110.00 | 168.00 | OK | |
r-patched-linux-x86_64 | 0.9.0 | 28.30 | 55.57 | 83.87 | OK | |
r-patched-solaris-x86 | 0.9.0 | 133.40 | OK | |||
r-release-linux-x86_64 | 0.9.0 | 28.81 | 56.05 | 84.86 | OK | |
r-release-macos-x86_64 | 0.9.0 | OK | ||||
r-release-windows-ix86+x86_64 | 0.9.0 | 81.00 | 114.00 | 195.00 | OK | |
r-oldrel-macos-x86_64 | 0.9.0 | OK | ||||
r-oldrel-windows-ix86+x86_64 | 0.9.0 | 70.00 | 86.00 | 156.00 | OK |
Version: 0.9.0
Check: compiled code
Result: NOTE
File ‘varband/libs/varband.so’:
Found no calls to: ‘R_registerRoutines’, ‘R_useDynamicSymbols’
It is good practice to register native routines and to disable symbol
search.
See ‘Writing portable packages’ in the ‘Writing R Extensions’ manual.
Flavors: r-devel-linux-x86_64-fedora-clang, r-devel-linux-x86_64-fedora-gcc