CRAN Package Check Results for Package vardpoor

Last updated on 2021-06-20 05:48:43 CEST.

Flavor Version Tinstall Tcheck Ttotal Status Flags
r-devel-linux-x86_64-debian-clang 0.20.1 13.28 105.39 118.67 NOTE
r-devel-linux-x86_64-debian-gcc 0.20.1 11.03 72.65 83.68 NOTE
r-devel-linux-x86_64-fedora-clang 0.20.1 135.11 NOTE
r-devel-linux-x86_64-fedora-gcc 0.20.1 118.90 NOTE
r-devel-windows-x86_64 0.20.1 21.00 76.00 97.00 NOTE
r-devel-windows-x86_64-gcc10-UCRT 0.20.1 NOTE
r-patched-linux-x86_64 0.20.1 14.89 90.00 104.89 NOTE
r-patched-solaris-x86 0.20.1 147.70 NOTE
r-release-linux-x86_64 0.20.1 13.54 93.12 106.66 NOTE
r-release-macos-arm64 0.20.1 NOTE
r-release-macos-x86_64 0.20.1 NOTE
r-release-windows-ix86+x86_64 0.20.1 22.00 79.00 101.00 NOTE
r-oldrel-macos-x86_64 0.20.1 OK
r-oldrel-windows-ix86+x86_64 0.20.1 17.00 95.00 112.00 OK

Check Details

Version: 0.20.1
Check: LazyData
Result: NOTE
     'LazyData' is specified without a 'data' directory
Flavors: r-devel-linux-x86_64-debian-clang, r-devel-linux-x86_64-debian-gcc, r-devel-linux-x86_64-fedora-clang, r-devel-linux-x86_64-fedora-gcc, r-devel-windows-x86_64, r-devel-windows-x86_64-gcc10-UCRT, r-patched-linux-x86_64, r-patched-solaris-x86, r-release-linux-x86_64, r-release-macos-arm64, r-release-macos-x86_64, r-release-windows-ix86+x86_64