CRAN Package Check Results for Package vcr

Last updated on 2020-09-22 05:51:12 CEST.

Flavor Version Tinstall Tcheck Ttotal Status Flags
r-devel-linux-x86_64-debian-clang 0.5.4 19.79 54.07 73.86 OK
r-devel-linux-x86_64-debian-gcc 0.5.4 0.60 2.67 3.27 ERROR
r-devel-linux-x86_64-fedora-clang 0.5.4 118.18 OK
r-devel-linux-x86_64-fedora-gcc 0.5.4 94.75 OK
r-devel-windows-ix86+x86_64 0.5.4 34.00 77.00 111.00 OK
r-patched-linux-x86_64 0.5.4 19.02 53.22 72.24 OK
r-patched-solaris-x86 0.5.4 134.90 OK
r-release-linux-x86_64 0.5.4 20.12 53.58 73.70 OK
r-release-macos-x86_64 0.5.4 OK
r-release-windows-ix86+x86_64 0.5.4 34.00 90.00 124.00 OK
r-oldrel-macos-x86_64 0.5.4 OK
r-oldrel-windows-ix86+x86_64 0.5.4 20.00 89.00 109.00 OK

Check Details

Version: 0.5.4
Check: whether package can be installed
Result: ERROR
    Installation failed.
Flavor: r-devel-linux-x86_64-debian-gcc