Last updated on 2023-01-31 06:01:21 CET.
Flavor | Version | Tinstall | Tcheck | Ttotal | Status | Flags |
---|---|---|---|---|---|---|
r-devel-linux-x86_64-debian-clang | 1.2.2 | 14.63 | 191.26 | 205.89 | OK | |
r-devel-linux-x86_64-debian-gcc | 1.2.2 | 11.01 | 138.27 | 149.28 | OK | |
r-devel-linux-x86_64-fedora-clang | 1.2.2 | 256.24 | NOTE | |||
r-devel-linux-x86_64-fedora-gcc | 1.2.2 | 259.18 | NOTE | |||
r-devel-windows-x86_64 | 1.2.2 | 27.00 | 322.00 | 349.00 | OK | |
r-patched-linux-x86_64 | 1.2.2 | 16.22 | 177.54 | 193.76 | OK | |
r-release-linux-x86_64 | 1.2.2 | 14.46 | 183.89 | 198.35 | OK | |
r-release-macos-arm64 | 1.2.2 | 106.00 | OK | |||
r-release-macos-x86_64 | 1.2.2 | 120.00 | OK | |||
r-release-windows-x86_64 | 1.2.2 | 28.00 | 347.00 | 375.00 | OK | |
r-oldrel-macos-arm64 | 1.2.1 | 102.00 | OK | |||
r-oldrel-macos-x86_64 | 1.2.1 | 123.00 | OK | |||
r-oldrel-windows-ix86+x86_64 | 1.2.1 | 33.00 | 285.00 | 318.00 | OK |
Version: 1.2.2
Check: compiled code
Result: NOTE
File ‘vdg/libs/vdg.so’:
Found no calls to: ‘R_registerRoutines’, ‘R_useDynamicSymbols’
It is good practice to register native routines and to disable symbol
search.
See ‘Writing portable packages’ in the ‘Writing R Extensions’ manual.
Flavors: r-devel-linux-x86_64-fedora-clang, r-devel-linux-x86_64-fedora-gcc