CRAN Package Check Results for Package veccompare

Last updated on 2019-10-17 05:47:20 CEST.

Flavor Version Tinstall Tcheck Ttotal Status Flags
r-devel-linux-x86_64-debian-clang 0.1.0 2.96 26.86 29.82 OK
r-devel-linux-x86_64-debian-gcc 0.1.0 2.40 21.58 23.98 OK
r-devel-linux-x86_64-fedora-clang 0.1.0 37.26 NOTE
r-devel-linux-x86_64-fedora-gcc 0.1.0 35.71 NOTE
r-devel-windows-ix86+x86_64 0.1.0 15.00 41.00 56.00 OK
r-patched-linux-x86_64 0.1.0 2.66 26.89 29.55 OK
r-patched-solaris-x86 0.1.0 55.70 NOTE
r-release-linux-x86_64 0.1.0 1.98 26.83 28.81 OK
r-release-windows-ix86+x86_64 0.1.0 7.00 68.00 75.00 OK
r-release-osx-x86_64 0.1.0 NOTE
r-oldrel-windows-ix86+x86_64 0.1.0 4.00 41.00 45.00 OK
r-oldrel-osx-x86_64 0.1.0 NOTE

Check Details

Version: 0.1.0
Check: dependencies in R code
Result: NOTE
    Namespace in Imports field not imported from: ‘pander’
     All declared Imports should be used.
Flavors: r-devel-linux-x86_64-fedora-clang, r-devel-linux-x86_64-fedora-gcc, r-patched-solaris-x86, r-release-osx-x86_64, r-oldrel-osx-x86_64