CRAN Package Check Results for Package vectorwavelet

Last updated on 2024-06-24 06:49:25 CEST.

Flavor Version Tinstall Tcheck Ttotal Status Flags
r-devel-linux-x86_64-debian-clang 0.1.0 7.38 57.55 64.93 NOTE
r-devel-linux-x86_64-debian-gcc 0.1.0 5.00 42.05 47.05 NOTE
r-devel-linux-x86_64-fedora-clang 0.1.0 83.79 NOTE
r-devel-linux-x86_64-fedora-gcc 0.1.0 73.28 NOTE
r-devel-windows-x86_64 0.1.0 6.00 59.00 65.00 NOTE
r-patched-linux-x86_64 0.1.0 5.17 55.22 60.39 NOTE
r-release-linux-x86_64 0.1.0 6.30 52.77 59.07 NOTE
r-release-macos-arm64 0.1.0 24.00 NOTE
r-release-macos-x86_64 0.1.0 37.00 NOTE
r-release-windows-x86_64 0.1.0 7.00 60.00 67.00 NOTE
r-oldrel-macos-arm64 0.1.0 31.00 NOTE
r-oldrel-macos-x86_64 0.1.0 52.00 NOTE
r-oldrel-windows-x86_64 0.1.0 8.00 68.00 76.00 NOTE

Check Details

Version: 0.1.0
Check: LazyData
Result: NOTE 'LazyData' is specified without a 'data' directory Flavors: r-devel-linux-x86_64-debian-clang, r-devel-linux-x86_64-debian-gcc, r-devel-linux-x86_64-fedora-clang, r-devel-linux-x86_64-fedora-gcc, r-devel-windows-x86_64, r-patched-linux-x86_64, r-release-linux-x86_64, r-release-macos-arm64, r-release-macos-x86_64, r-release-windows-x86_64, r-oldrel-macos-arm64, r-oldrel-macos-x86_64, r-oldrel-windows-x86_64

Version: 0.1.0
Check: dependencies in R code
Result: NOTE Namespaces in Imports field not imported from: ‘Rcpp’ ‘foreach’ ‘iterators’ ‘maps’ ‘spam’ All declared Imports should be used. Flavors: r-devel-linux-x86_64-fedora-clang, r-devel-linux-x86_64-fedora-gcc