CRAN Package Check Results for Package velociraptr

Last updated on 2023-02-08 06:00:20 CET.

Flavor Version Tinstall Tcheck Ttotal Status Flags
r-devel-linux-x86_64-debian-clang 1.1.0 2.43 24.23 26.66 NOTE
r-devel-linux-x86_64-debian-gcc 1.1.0 1.84 19.01 20.85 NOTE
r-devel-linux-x86_64-fedora-clang 1.1.0 34.85 NOTE
r-devel-linux-x86_64-fedora-gcc 1.1.0 35.23 NOTE
r-devel-windows-x86_64 1.1.0 18.00 55.00 73.00 NOTE
r-patched-linux-x86_64 1.1.0 2.45 23.52 25.97 NOTE
r-release-linux-x86_64 1.1.0 1.70 24.31 26.01 NOTE
r-release-macos-arm64 1.1.0 18.00 NOTE
r-release-macos-x86_64 1.1.0 23.00 NOTE
r-release-windows-x86_64 1.1.0 28.00 57.00 85.00 NOTE
r-oldrel-macos-arm64 1.1.0 20.00 NOTE
r-oldrel-macos-x86_64 1.1.0 32.00 NOTE
r-oldrel-windows-ix86+x86_64 1.1.0 6.00 50.00 56.00 NOTE

Check Details

Version: 1.1.0
Check: LazyData
Result: NOTE
     'LazyData' is specified without a 'data' directory
Flavors: r-devel-linux-x86_64-debian-clang, r-devel-linux-x86_64-debian-gcc, r-devel-linux-x86_64-fedora-clang, r-devel-linux-x86_64-fedora-gcc, r-devel-windows-x86_64, r-patched-linux-x86_64, r-release-linux-x86_64, r-release-macos-arm64, r-release-macos-x86_64, r-release-windows-x86_64, r-oldrel-macos-arm64, r-oldrel-macos-x86_64, r-oldrel-windows-ix86+x86_64