CRAN Package Check Results for Package verhoeff

Last updated on 2022-01-21 05:52:26 CET.

Flavor Version Tinstall Tcheck Ttotal Status Flags
r-devel-linux-x86_64-debian-clang 0.4.0 NOTE
r-devel-linux-x86_64-debian-gcc 0.4.0 1.29 24.74 26.03 NOTE
r-devel-linux-x86_64-fedora-clang 0.4.0 41.64 NOTE
r-devel-linux-x86_64-fedora-gcc 0.4.0 30.18 NOTE
r-devel-windows-x86_64-new-UL 0.4.0 21.00 59.00 80.00 NOTE
r-devel-windows-x86_64-new-TK 0.4.0 NOTE
r-patched-linux-x86_64 0.4.0 1.94 30.93 32.87 NOTE
r-release-linux-x86_64 0.4.0 1.57 30.33 31.90 NOTE
r-release-macos-arm64 0.4.0 NOTE
r-release-macos-x86_64 0.4.0 NOTE
r-release-windows-ix86+x86_64 0.4.0 5.00 38.00 43.00 NOTE
r-oldrel-macos-x86_64 0.4.0 OK
r-oldrel-windows-ix86+x86_64 0.4.0 5.00 41.00 46.00 OK

Check Details

Version: 0.4.0
Check: LazyData
Result: NOTE
     'LazyData' is specified without a 'data' directory
Flavors: r-devel-linux-x86_64-debian-clang, r-devel-linux-x86_64-debian-gcc, r-devel-linux-x86_64-fedora-clang, r-devel-linux-x86_64-fedora-gcc, r-devel-windows-x86_64-new-UL, r-devel-windows-x86_64-new-TK, r-patched-linux-x86_64, r-release-linux-x86_64, r-release-macos-arm64, r-release-macos-x86_64, r-release-windows-ix86+x86_64