CRAN Package Check Results for Package vimpclust

Last updated on 2021-10-20 05:51:00 CEST.

Flavor Version Tinstall Tcheck Ttotal Status Flags
r-devel-linux-x86_64-debian-clang 0.1.0 4.47 272.81 277.28 OK
r-devel-linux-x86_64-debian-gcc 0.1.0 4.21 193.56 197.77 OK
r-devel-linux-x86_64-fedora-clang 0.1.0 322.73 NOTE
r-devel-linux-x86_64-fedora-gcc 0.1.0 314.84 NOTE
r-devel-windows-x86_64 0.1.0 10.00 263.00 273.00 OK
r-devel-windows-x86_64-gcc10-UCRT 0.1.0 NOTE
r-patched-linux-x86_64 0.1.0 5.56 260.71 266.27 OK
r-patched-solaris-x86 0.1.0 390.70 NOTE
r-release-linux-x86_64 0.1.0 5.29 257.29 262.58 OK
r-release-macos-arm64 0.1.0 NOTE
r-release-macos-x86_64 0.1.0 NOTE
r-release-windows-ix86+x86_64 0.1.0 14.00 336.00 350.00 OK
r-oldrel-macos-x86_64 0.1.0 NOTE
r-oldrel-windows-ix86+x86_64 0.1.0 15.00 321.00 336.00 OK

Check Details

Version: 0.1.0
Check: dependencies in R code
Result: NOTE
    Namespaces in Imports field not imported from:
     ‘mclust’ ‘rlang’
     All declared Imports should be used.
Flavors: r-devel-linux-x86_64-fedora-clang, r-devel-linux-x86_64-fedora-gcc, r-devel-windows-x86_64-gcc10-UCRT, r-patched-solaris-x86, r-release-macos-arm64, r-release-macos-x86_64, r-oldrel-macos-x86_64