CRAN Package Check Results for Package vinereg

Last updated on 2022-09-27 05:52:28 CEST.

Flavor Version Tinstall Tcheck Ttotal Status Flags
r-devel-linux-x86_64-debian-clang 0.8.3 136.28 212.70 348.98 NOTE
r-devel-linux-x86_64-debian-gcc 0.8.3 130.33 152.79 283.12 NOTE
r-devel-linux-x86_64-fedora-clang 0.8.3 452.76 NOTE
r-devel-linux-x86_64-fedora-gcc 0.8.3 505.37 NOTE
r-devel-windows-x86_64 0.8.3 93.00 377.00 470.00 NOTE
r-patched-linux-x86_64 0.8.3 126.25 218.60 344.85 OK
r-release-linux-x86_64 0.8.3 127.91 212.86 340.77 OK
r-release-macos-arm64 0.8.3 149.00 NOTE
r-release-macos-x86_64 0.8.3 191.00 NOTE
r-release-windows-x86_64 0.8.3 232.00 380.00 612.00 NOTE
r-oldrel-macos-arm64 0.8.3 120.00 NOTE
r-oldrel-macos-x86_64 0.8.3 182.00 NOTE
r-oldrel-windows-ix86+x86_64 0.8.3 310.00 444.00 754.00 NOTE

Check Details

Version: 0.8.3
Check: package subdirectories
Result: NOTE
    Problems with news in 'NEWS.md':
     Cannot extract version info from the following section titles:
     NEW FEATURES
Flavors: r-devel-linux-x86_64-debian-clang, r-devel-linux-x86_64-debian-gcc, r-devel-linux-x86_64-fedora-clang, r-devel-linux-x86_64-fedora-gcc, r-devel-windows-x86_64

Version: 0.8.3
Check: installed package size
Result: NOTE
     installed size is 6.5Mb
     sub-directories of 1Mb or more:
     doc 1.4Mb
     libs 4.8Mb
Flavors: r-devel-linux-x86_64-fedora-clang, r-devel-windows-x86_64, r-release-macos-arm64, r-release-macos-x86_64, r-release-windows-x86_64, r-oldrel-macos-arm64, r-oldrel-macos-x86_64, r-oldrel-windows-ix86+x86_64