CRAN Package Check Results for Package vines

Last updated on 2021-04-10 05:48:54 CEST.

Flavor Version Tinstall Tcheck Ttotal Status Flags
r-devel-linux-x86_64-debian-clang 1.1.5 12.83 105.82 118.65 OK
r-devel-linux-x86_64-debian-gcc 1.1.5 12.50 78.40 90.90 OK
r-devel-linux-x86_64-fedora-clang 1.1.5 148.10 NOTE
r-devel-linux-x86_64-fedora-gcc 1.1.5 138.22 NOTE
r-devel-windows-ix86+x86_64 1.1.5 23.00 134.00 157.00 OK
r-devel-windows-x86_64-gcc10-UCRT 1.1.5 OK
r-patched-linux-x86_64 1.1.5 12.73 96.96 109.69 OK
r-patched-solaris-x86 1.1.5 206.30 OK
r-release-linux-x86_64 1.1.5 OK
r-release-macos-x86_64 1.1.5 OK
r-release-windows-ix86+x86_64 1.1.5 24.00 183.00 207.00 OK
r-oldrel-macos-x86_64 1.1.5 OK
r-oldrel-windows-ix86+x86_64 1.1.5 28.00 126.00 154.00 OK

Check Details

Version: 1.1.5
Check: compiled code
Result: NOTE
    File ‘vines/libs/vines.so’:
     Found no call to: ‘R_useDynamicSymbols’
    
    It is good practice to register native routines and to disable symbol
    search.
    
    See ‘Writing portable packages’ in the ‘Writing R Extensions’ manual.
Flavors: r-devel-linux-x86_64-fedora-clang, r-devel-linux-x86_64-fedora-gcc