CRAN Package Check Results for Package visNetwork

Last updated on 2019-10-15 05:48:02 CEST.

Flavor Version Tinstall Tcheck Ttotal Status Flags
r-devel-linux-x86_64-debian-clang 2.0.8 9.64 62.46 72.10 OK
r-devel-linux-x86_64-debian-gcc 2.0.8 8.39 48.89 57.28 OK
r-devel-linux-x86_64-fedora-clang 2.0.8 86.97 NOTE
r-devel-linux-x86_64-fedora-gcc 2.0.8 83.11 OK
r-devel-windows-ix86+x86_64 2.0.8 12.00 6.00 18.00 ERROR
r-patched-linux-x86_64 2.0.8 8.48 61.87 70.35 OK
r-patched-solaris-x86 2.0.8 105.30 WARN
r-release-linux-x86_64 2.0.8 10.42 63.19 73.61 OK
r-release-windows-ix86+x86_64 2.0.8 32.00 142.00 174.00 NOTE
r-release-osx-x86_64 2.0.8 WARN
r-oldrel-windows-ix86+x86_64 2.0.8 14.00 81.00 95.00 NOTE
r-oldrel-osx-x86_64 2.0.8 WARN

Check Details

Version: 2.0.8
Check: installed package size
Result: NOTE
     installed size is 11.2Mb
     sub-directories of 1Mb or more:
     doc 4.3Mb
     docjs 1.4Mb
     htmlwidgets 4.0Mb
Flavors: r-devel-linux-x86_64-fedora-clang, r-patched-solaris-x86, r-release-windows-ix86+x86_64, r-release-osx-x86_64, r-oldrel-windows-ix86+x86_64, r-oldrel-osx-x86_64

Version: 2.0.8
Check: whether package can be installed
Result: ERROR
    Installation failed.
Flavor: r-devel-windows-ix86+x86_64

Version: 2.0.8
Check: re-building of vignette outputs
Result: WARN
    Error(s) in re-building vignettes:
     ...
    --- re-building ‘Introduction-to-visNetwork.Rmd’ using rmarkdown
    Warning in engine$weave(file, quiet = quiet, encoding = enc) :
     Pandoc (>= 1.12.3) and/or pandoc-citeproc not available. Falling back to R Markdown v1.
    Quitting from lines 22-27 (Introduction-to-visNetwork.Rmd)
    Error: processing vignette 'Introduction-to-visNetwork.Rmd' failed with diagnostics:
    cannot open the connection
    --- failed re-building ‘Introduction-to-visNetwork.Rmd’
    
    SUMMARY: processing the following file failed:
     ‘Introduction-to-visNetwork.Rmd’
    
    Error: Vignette re-building failed.
    Execution halted
Flavors: r-patched-solaris-x86, r-release-osx-x86_64

Version: 2.0.8
Check: re-building of vignette outputs
Result: WARN
    Error in re-building vignettes:
     ...
    Warning in engine$weave(file, quiet = quiet, encoding = enc) :
     Pandoc (>= 1.12.3) and/or pandoc-citeproc not available. Falling back to R Markdown v1.
    Quitting from lines 22-27 (Introduction-to-visNetwork.Rmd)
    Error: processing vignette 'Introduction-to-visNetwork.Rmd' failed with diagnostics:
    cannot open the connection
    Execution halted
Flavor: r-oldrel-osx-x86_64