CRAN Package Check Results for Package visNetwork

Last updated on 2019-07-16 05:48:37 CEST.

Flavor Version Tinstall Tcheck Ttotal Status Flags
r-devel-linux-x86_64-debian-clang 2.0.7 8.84 62.10 70.94 OK
r-devel-linux-x86_64-debian-gcc 2.0.7 7.35 48.80 56.15 OK
r-devel-linux-x86_64-fedora-clang 2.0.7 83.26 NOTE
r-devel-linux-x86_64-fedora-gcc 2.0.7 80.72 OK
r-devel-windows-ix86+x86_64 2.0.7 26.00 88.00 114.00 NOTE
r-patched-linux-x86_64 2.0.7 8.15 62.27 70.42 OK
r-patched-solaris-x86 2.0.7 109.60 WARN
r-release-linux-x86_64 2.0.7 8.26 63.10 71.36 OK
r-release-windows-ix86+x86_64 2.0.7 21.00 119.00 140.00 NOTE
r-release-osx-x86_64 2.0.7 WARN
r-oldrel-windows-ix86+x86_64 2.0.7 27.00 85.00 112.00 NOTE
r-oldrel-osx-x86_64 2.0.7 WARN

Check Details

Version: 2.0.7
Check: installed package size
Result: NOTE
     installed size is 11.2Mb
     sub-directories of 1Mb or more:
     doc 4.2Mb
     docjs 1.4Mb
     htmlwidgets 4.0Mb
Flavors: r-devel-linux-x86_64-fedora-clang, r-devel-windows-ix86+x86_64, r-patched-solaris-x86, r-release-windows-ix86+x86_64, r-release-osx-x86_64, r-oldrel-windows-ix86+x86_64, r-oldrel-osx-x86_64

Version: 2.0.7
Check: re-building of vignette outputs
Result: WARN
    Error(s) in re-building vignettes:
     ...
    --- re-building ‘Introduction-to-visNetwork.Rmd’ using rmarkdown
    Warning in engine$weave(file, quiet = quiet, encoding = enc) :
     Pandoc (>= 1.12.3) and/or pandoc-citeproc not available. Falling back to R Markdown v1.
    Quitting from lines 22-27 (Introduction-to-visNetwork.Rmd)
    Error: processing vignette 'Introduction-to-visNetwork.Rmd' failed with diagnostics:
    cannot open the connection
    --- failed re-building ‘Introduction-to-visNetwork.Rmd’
    
    SUMMARY: processing the following file failed:
     ‘Introduction-to-visNetwork.Rmd’
    
    Error: Vignette re-building failed.
    Execution halted
Flavors: r-patched-solaris-x86, r-release-osx-x86_64

Version: 2.0.7
Check: re-building of vignette outputs
Result: WARN
    Error in re-building vignettes:
     ...
    Warning in engine$weave(file, quiet = quiet, encoding = enc) :
     Pandoc (>= 1.12.3) and/or pandoc-citeproc not available. Falling back to R Markdown v1.
    Quitting from lines 22-27 (Introduction-to-visNetwork.Rmd)
    Error: processing vignette 'Introduction-to-visNetwork.Rmd' failed with diagnostics:
    cannot open the connection
    Execution halted
Flavor: r-oldrel-osx-x86_64