CRAN Package Check Results for Package visNetwork

Last updated on 2021-05-06 05:47:53 CEST.

Flavor Version Tinstall Tcheck Ttotal Status Flags
r-devel-linux-x86_64-debian-clang 2.0.9 12.13 71.22 83.35 OK
r-devel-linux-x86_64-debian-gcc 2.0.9 7.71 51.70 59.41 OK
r-devel-linux-x86_64-fedora-clang 2.0.9 102.71 NOTE
r-devel-linux-x86_64-fedora-gcc 2.0.9 92.70 OK
r-devel-windows-ix86+x86_64 2.0.9 12.00 96.00 108.00 NOTE
r-devel-windows-x86_64-gcc10-UCRT 2.0.9 OK
r-patched-linux-x86_64 2.0.9 14.36 67.78 82.14 OK
r-patched-solaris-x86 2.0.9 134.50 WARN
r-release-linux-x86_64 2.0.9 9.53 64.80 74.33 OK
r-release-macos-x86_64 2.0.9 WARN
r-release-windows-ix86+x86_64 2.0.9 14.00 69.00 83.00 NOTE
r-oldrel-macos-x86_64 2.0.9 WARN
r-oldrel-windows-ix86+x86_64 2.0.9 17.00 97.00 114.00 NOTE

Check Details

Version: 2.0.9
Check: installed package size
Result: NOTE
     installed size is 11.2Mb
     sub-directories of 1Mb or more:
     doc 4.3Mb
     docjs 1.4Mb
     htmlwidgets 4.0Mb
Flavors: r-devel-linux-x86_64-fedora-clang, r-devel-windows-ix86+x86_64, r-patched-solaris-x86, r-release-macos-x86_64, r-release-windows-ix86+x86_64, r-oldrel-macos-x86_64, r-oldrel-windows-ix86+x86_64

Version: 2.0.9
Check: re-building of vignette outputs
Result: WARN
    Error(s) in re-building vignettes:
     ...
    --- re-building ‘Introduction-to-visNetwork.Rmd’ using rmarkdown
    Warning in engine$weave(file, quiet = quiet, encoding = enc) :
     Pandoc (>= 1.12.3) not available. Falling back to R Markdown v1.
    Quitting from lines 22-27 (Introduction-to-visNetwork.Rmd)
    Error: processing vignette 'Introduction-to-visNetwork.Rmd' failed with diagnostics:
    invalid 'path' argument
    --- failed re-building ‘Introduction-to-visNetwork.Rmd’
    
    SUMMARY: processing the following file failed:
     ‘Introduction-to-visNetwork.Rmd’
    
    Error: Vignette re-building failed.
    Execution halted
Flavor: r-patched-solaris-x86

Version: 2.0.9
Check: package dependencies
Result: NOTE
    Package suggested but not available for checking: ‘igraph’
Flavor: r-release-macos-x86_64

Version: 2.0.9
Check: re-building of vignette outputs
Result: WARN
    Error(s) in re-building vignettes:
     ...
    --- re-building ‘Introduction-to-visNetwork.Rmd’ using rmarkdown
    Warning in engine$weave(file, quiet = quiet, encoding = enc) :
     Pandoc (>= 1.12.3) and/or pandoc-citeproc not available. Falling back to R Markdown v1.
    Quitting from lines 22-27 (Introduction-to-visNetwork.Rmd)
    Error: processing vignette 'Introduction-to-visNetwork.Rmd' failed with diagnostics:
    cannot open the connection
    --- failed re-building ‘Introduction-to-visNetwork.Rmd’
    
    SUMMARY: processing the following file failed:
     ‘Introduction-to-visNetwork.Rmd’
    
    Error: Vignette re-building failed.
    Execution halted
Flavors: r-release-macos-x86_64, r-oldrel-macos-x86_64