CRAN Package Check Results for Package visit

Last updated on 2020-04-08 05:47:38 CEST.

Flavor Version Tinstall Tcheck Ttotal Status Flags
r-devel-linux-x86_64-debian-clang 2.1 103.17 88.36 191.53 NOTE
r-devel-linux-x86_64-debian-gcc 2.1 92.97 69.73 162.70 NOTE
r-devel-linux-x86_64-fedora-clang 2.1 262.02 NOTE
r-devel-linux-x86_64-fedora-gcc 2.1 280.64 NOTE
r-devel-windows-ix86+x86_64 2.1 175.00 226.00 401.00 NOTE
r-devel-windows-ix86+x86_64-gcc8 2.1 178.00 154.00 332.00 NOTE
r-patched-linux-x86_64 2.1 104.22 87.20 191.42 NOTE
r-patched-solaris-x86 2.1 292.20 NOTE
r-release-linux-x86_64 2.1 99.05 80.20 179.25 NOTE
r-release-windows-ix86+x86_64 2.1 285.00 188.00 473.00 NOTE
r-release-osx-x86_64 2.1 NOTE
r-oldrel-windows-ix86+x86_64 2.1 195.00 149.00 344.00 NOTE
r-oldrel-osx-x86_64 2.1 NOTE

Check Details

Version: 2.1
Check: for GNU extensions in Makefiles
Result: NOTE
    GNU make is a SystemRequirements.
Flavors: r-devel-linux-x86_64-debian-clang, r-devel-linux-x86_64-debian-gcc, r-devel-linux-x86_64-fedora-clang, r-devel-linux-x86_64-fedora-gcc, r-devel-windows-ix86+x86_64, r-devel-windows-ix86+x86_64-gcc8, r-patched-linux-x86_64, r-patched-solaris-x86, r-release-linux-x86_64, r-release-windows-ix86+x86_64, r-release-osx-x86_64, r-oldrel-windows-ix86+x86_64, r-oldrel-osx-x86_64

Version: 2.1
Check: installed package size
Result: NOTE
     installed size is 27.2Mb
     sub-directories of 1Mb or more:
     libs 26.5Mb
Flavors: r-devel-linux-x86_64-fedora-clang, r-release-osx-x86_64, r-oldrel-osx-x86_64

Version: 2.1
Check: dependencies in R code
Result: NOTE
    Namespace in Imports field not imported from: ‘sqldf’
     All declared Imports should be used.
Flavors: r-devel-linux-x86_64-fedora-clang, r-devel-linux-x86_64-fedora-gcc, r-patched-solaris-x86, r-release-osx-x86_64, r-oldrel-osx-x86_64