CRAN Package Check Results for Package vivid

Last updated on 2021-10-26 06:00:09 CEST.

Flavor Version Tinstall Tcheck Ttotal Status Flags
r-devel-linux-x86_64-debian-clang 0.2.2 7.98 334.94 342.92 OK
r-devel-linux-x86_64-debian-gcc 0.2.2 7.29 244.16 251.45 OK
r-devel-linux-x86_64-fedora-clang 0.2.2 398.84 NOTE
r-devel-linux-x86_64-fedora-gcc 0.2.2 399.77 NOTE
r-devel-windows-x86_64 0.2.2 16.00 398.00 414.00 OK
r-devel-windows-x86_64-gcc10-UCRT 0.2.2 NOTE
r-patched-linux-x86_64 0.2.2 9.53 303.92 313.45 OK
r-patched-solaris-x86 0.2.2 344.00 NOTE
r-release-linux-x86_64 0.2.2 9.06 304.88 313.94 OK
r-release-macos-arm64 0.2.2 NOTE
r-release-macos-x86_64 0.2.2 NOTE
r-release-windows-ix86+x86_64 0.2.2 17.00 305.00 322.00 OK
r-oldrel-macos-x86_64 0.2.2 NOTE
r-oldrel-windows-ix86+x86_64 0.2.2 16.00 257.00 273.00 OK

Check Details

Version: 0.2.2
Check: dependencies in R code
Result: NOTE
    Namespaces in Imports field not imported from:
     ‘RColorBrewer’ ‘colorspace’ ‘tidyr’
     All declared Imports should be used.
Flavors: r-devel-linux-x86_64-fedora-clang, r-devel-linux-x86_64-fedora-gcc, r-devel-windows-x86_64-gcc10-UCRT, r-patched-solaris-x86, r-release-macos-arm64, r-release-macos-x86_64, r-oldrel-macos-x86_64