Last updated on 2021-01-18 05:47:42 CET.
Flavor | Version | Tinstall | Tcheck | Ttotal | Status | Flags |
---|---|---|---|---|---|---|
r-devel-linux-x86_64-debian-clang | 0.2.1 | 142.62 | 55.40 | 198.02 | OK | |
r-devel-linux-x86_64-debian-gcc | 0.2.1 | 91.80 | 42.61 | 134.41 | OK | |
r-devel-linux-x86_64-fedora-clang | 0.2.1 | 307.30 | NOTE | |||
r-devel-linux-x86_64-fedora-gcc | 0.2.1 | 254.02 | OK | |||
r-devel-windows-ix86+x86_64 | 0.2.1 | 253.00 | 99.00 | 352.00 | OK | |
r-patched-linux-x86_64 | 0.2.1 | 113.56 | 52.44 | 166.00 | OK | |
r-patched-solaris-x86 | 0.2.1 | 243.30 | OK | |||
r-release-linux-x86_64 | 0.2.1 | 113.36 | 52.68 | 166.04 | OK | |
r-release-macos-x86_64 | 0.2.1 | OK | ||||
r-release-windows-ix86+x86_64 | 0.2.1 | 277.00 | 99.00 | 376.00 | OK | |
r-oldrel-macos-x86_64 | 0.2.1 | OK | ||||
r-oldrel-windows-ix86+x86_64 | 0.2.1 | 294.00 | 86.00 | 380.00 | OK |
Version: 0.2.1
Check: installed package size
Result: NOTE
installed size is 5.4Mb
sub-directories of 1Mb or more:
libs 4.9Mb
Flavor: r-devel-linux-x86_64-fedora-clang