CRAN Package Check Results for Package vlad

Last updated on 2022-01-29 05:52:32 CET.

Flavor Version Tinstall Tcheck Ttotal Status Flags
r-devel-linux-x86_64-debian-clang 0.2.2 145.85 92.72 238.57 OK
r-devel-linux-x86_64-debian-gcc 0.2.2 100.37 68.10 168.47 OK
r-devel-linux-x86_64-fedora-clang 0.2.2 308.48 NOTE
r-devel-linux-x86_64-fedora-gcc 0.2.2 266.82 OK
r-devel-windows-x86_64-new-UL 0.2.2 167.00 140.00 307.00 OK
r-devel-windows-x86_64-new-TK 0.2.2 OK
r-patched-linux-x86_64 0.2.2 102.86 63.66 166.52 OK
r-release-linux-x86_64 0.2.2 120.54 64.46 185.00 OK
r-release-macos-arm64 0.2.2 NOTE
r-release-macos-x86_64 0.2.2 OK
r-release-windows-ix86+x86_64 0.2.2 346.00 118.00 464.00 OK
r-oldrel-macos-x86_64 0.2.2 OK
r-oldrel-windows-ix86+x86_64 0.2.2 344.00 128.00 472.00 OK

Check Details

Version: 0.2.2
Check: installed package size
Result: NOTE
     installed size is 5.1Mb
     sub-directories of 1Mb or more:
     libs 4.5Mb
Flavors: r-devel-linux-x86_64-fedora-clang, r-release-macos-arm64