CRAN Package Check Results for Package volleystat

Last updated on 2020-01-20 05:47:30 CET.

Flavor Version Tinstall Tcheck Ttotal Status Flags
r-devel-linux-x86_64-debian-clang 0.2.0 2.55 60.73 63.28 OK
r-devel-linux-x86_64-debian-gcc 0.2.0 2.23 43.06 45.29 OK
r-devel-linux-x86_64-fedora-clang 0.2.0 72.97 NOTE
r-devel-linux-x86_64-fedora-gcc 0.2.0 71.98 NOTE
r-devel-windows-ix86+x86_64 0.2.0 11.00 105.00 116.00 OK
r-devel-windows-ix86+x86_64-gcc8 0.2.0 6.00 100.00 106.00 OK
r-patched-linux-x86_64 0.2.0 1.95 31.62 33.57 OK
r-patched-solaris-x86 0.2.0 64.00 NOTE
r-release-linux-x86_64 0.2.0 2.23 31.79 34.02 OK
r-release-windows-ix86+x86_64 0.2.0 9.00 47.00 56.00 OK
r-release-osx-x86_64 0.2.0 NOTE
r-oldrel-windows-ix86+x86_64 0.2.0 3.00 39.00 42.00 OK
r-oldrel-osx-x86_64 0.2.0 NOTE

Check Details

Version: 0.2.0
Check: data for non-ASCII characters
Result: NOTE
     Note: found 4954 marked UTF-8 strings
Flavors: r-devel-linux-x86_64-fedora-clang, r-devel-linux-x86_64-fedora-gcc, r-patched-solaris-x86, r-release-osx-x86_64, r-oldrel-osx-x86_64