CRAN Package Check Results for Package volleystat

Last updated on 2019-08-23 05:47:09 CEST.

Flavor Version Tinstall Tcheck Ttotal Status Flags
r-devel-linux-x86_64-debian-clang 0.2.0 2.70 31.34 34.04 OK
r-devel-linux-x86_64-debian-gcc 0.2.0 2.17 25.36 27.53 OK
r-devel-linux-x86_64-fedora-clang 0.2.0 41.94 NOTE
r-devel-linux-x86_64-fedora-gcc 0.2.0 46.18 NOTE
r-devel-windows-ix86+x86_64 0.2.0 8.00 69.00 77.00 OK
r-patched-linux-x86_64 0.2.0 2.30 30.89 33.19 OK
r-patched-solaris-x86 0.2.0 67.40 NOTE
r-release-linux-x86_64 0.2.0 2.18 32.08 34.26 OK
r-release-windows-ix86+x86_64 0.2.0 9.00 104.00 113.00 OK
r-release-osx-x86_64 0.2.0 NOTE
r-oldrel-windows-ix86+x86_64 0.2.0 6.00 58.00 64.00 OK
r-oldrel-osx-x86_64 0.2.0 NOTE

Check Details

Version: 0.2.0
Check: data for non-ASCII characters
Result: NOTE
     Note: found 4954 marked UTF-8 strings
Flavors: r-devel-linux-x86_64-fedora-clang, r-devel-linux-x86_64-fedora-gcc, r-patched-solaris-x86, r-release-osx-x86_64, r-oldrel-osx-x86_64