CRAN Package Check Results for Package walrus

Last updated on 2020-01-19 05:47:23 CET.

Flavor Version Tinstall Tcheck Ttotal Status Flags
r-devel-linux-x86_64-debian-clang 1.0.3 15.09 26.56 41.65 OK
r-devel-linux-x86_64-debian-gcc 1.0.3 13.98 20.72 34.70 OK
r-devel-linux-x86_64-fedora-clang 1.0.3 55.34 NOTE
r-devel-linux-x86_64-fedora-gcc 1.0.3 53.69 NOTE
r-devel-windows-ix86+x86_64 1.0.3 32.00 40.00 72.00 OK
r-devel-windows-ix86+x86_64-gcc8 1.0.3 25.00 60.00 85.00 OK
r-patched-linux-x86_64 1.0.3 11.53 23.42 34.95 OK
r-patched-solaris-x86 1.0.3 66.80 NOTE
r-release-linux-x86_64 1.0.3 11.13 23.50 34.63 OK
r-release-windows-ix86+x86_64 1.0.3 29.00 38.00 67.00 OK
r-release-osx-x86_64 1.0.3 NOTE
r-oldrel-windows-ix86+x86_64 1.0.3 24.00 34.00 58.00 OK
r-oldrel-osx-x86_64 1.0.3 NOTE

Check Details

Version: 1.0.3
Check: dependencies in R code
Result: NOTE
    Namespaces in Imports field not imported from:
     ‘R6’ ‘WRS2’ ‘ggplot2’
     All declared Imports should be used.
Flavors: r-devel-linux-x86_64-fedora-clang, r-devel-linux-x86_64-fedora-gcc, r-patched-solaris-x86, r-release-osx-x86_64, r-oldrel-osx-x86_64