CRAN Package Check Results for Package walrus

Last updated on 2019-08-23 05:47:09 CEST.

Flavor Version Tinstall Tcheck Ttotal Status Flags
r-devel-linux-x86_64-debian-clang 1.0.3 12.96 24.53 37.49 OK
r-devel-linux-x86_64-debian-gcc 1.0.3 10.58 19.42 30.00 OK
r-devel-linux-x86_64-fedora-clang 1.0.3 48.31 NOTE
r-devel-linux-x86_64-fedora-gcc 1.0.3 54.51 NOTE
r-devel-windows-ix86+x86_64 1.0.3 30.00 52.00 82.00 OK
r-patched-linux-x86_64 1.0.3 11.85 24.08 35.93 OK
r-patched-solaris-x86 1.0.3 68.20 NOTE
r-release-linux-x86_64 1.0.3 12.86 25.05 37.91 OK
r-release-windows-ix86+x86_64 1.0.3 27.00 51.00 78.00 OK
r-release-osx-x86_64 1.0.3 NOTE
r-oldrel-windows-ix86+x86_64 1.0.3 21.00 52.00 73.00 OK
r-oldrel-osx-x86_64 1.0.3 NOTE

Check Details

Version: 1.0.3
Check: dependencies in R code
Result: NOTE
    Namespaces in Imports field not imported from:
     ‘R6’ ‘WRS2’ ‘ggplot2’
     All declared Imports should be used.
Flavors: r-devel-linux-x86_64-fedora-clang, r-devel-linux-x86_64-fedora-gcc, r-patched-solaris-x86, r-release-osx-x86_64, r-oldrel-osx-x86_64