CRAN Package Check Results for Package warp

Last updated on 2021-11-30 05:53:37 CET.

Flavor Version Tinstall Tcheck Ttotal Status Flags
r-devel-linux-x86_64-debian-clang 0.2.0 4.55 50.12 54.67 NOTE
r-devel-linux-x86_64-debian-gcc 0.2.0 3.34 40.73 44.07 NOTE
r-devel-linux-x86_64-fedora-clang 0.2.0 81.66 NOTE
r-devel-linux-x86_64-fedora-gcc 0.2.0 69.31 NOTE
r-devel-windows-x86_64-new-UL 0.2.0 16.00 90.00 106.00 NOTE
r-devel-windows-x86_64-new-TK 0.2.0 NOTE
r-devel-windows-x86_64-old 0.2.0 11.00 63.00 74.00 NOTE
r-patched-linux-x86_64 0.2.0 4.23 49.17 53.40 NOTE
r-patched-solaris-x86 0.2.0 140.20 NOTE
r-release-linux-x86_64 0.2.0 3.91 49.07 52.98 NOTE
r-release-macos-arm64 0.2.0 NOTE
r-release-macos-x86_64 0.2.0 NOTE
r-release-windows-ix86+x86_64 0.2.0 18.00 97.00 115.00 NOTE
r-oldrel-macos-x86_64 0.2.0 OK
r-oldrel-windows-ix86+x86_64 0.2.0 17.00 123.00 140.00 OK

Check Details

Version: 0.2.0
Check: LazyData
Result: NOTE
     'LazyData' is specified without a 'data' directory
Flavors: r-devel-linux-x86_64-debian-clang, r-devel-linux-x86_64-debian-gcc, r-devel-linux-x86_64-fedora-clang, r-devel-linux-x86_64-fedora-gcc, r-devel-windows-x86_64-new-UL, r-devel-windows-x86_64-new-TK, r-devel-windows-x86_64-old, r-patched-linux-x86_64, r-patched-solaris-x86, r-release-linux-x86_64, r-release-macos-arm64, r-release-macos-x86_64, r-release-windows-ix86+x86_64