Last updated on 2021-01-18 05:47:42 CET.
Flavor | Version | Tinstall | Tcheck | Ttotal | Status | Flags |
---|---|---|---|---|---|---|
r-devel-linux-x86_64-debian-clang | 1.0.0 | 49.56 | 46.09 | 95.65 | OK | |
r-devel-linux-x86_64-debian-gcc | 1.0.0 | 27.79 | 52.99 | 80.78 | OK | |
r-devel-linux-x86_64-fedora-clang | 1.0.0 | 136.20 | NOTE | |||
r-devel-linux-x86_64-fedora-gcc | 1.0.0 | 140.25 | NOTE | |||
r-devel-windows-ix86+x86_64 | 1.0.0 | 78.00 | 112.00 | 190.00 | OK | |
r-patched-linux-x86_64 | 1.0.0 | 33.01 | 60.55 | 93.56 | OK | |
r-patched-solaris-x86 | 1.0.0 | 145.10 | NOTE | |||
r-release-linux-x86_64 | 1.0.0 | 35.84 | 61.46 | 97.30 | OK | |
r-release-macos-x86_64 | 1.0.0 | NOTE | ||||
r-release-windows-ix86+x86_64 | 1.0.0 | 99.00 | 108.00 | 207.00 | OK | |
r-oldrel-macos-x86_64 | 1.0.0 | NOTE | ||||
r-oldrel-windows-ix86+x86_64 | 1.0.0 | 90.00 | 84.00 | 174.00 | OK |
Version: 1.0.0
Check: dependencies in R code
Result: NOTE
Namespace in Imports field not imported from: ‘methods’
All declared Imports should be used.
Flavors: r-devel-linux-x86_64-fedora-clang, r-devel-linux-x86_64-fedora-gcc, r-patched-solaris-x86, r-release-macos-x86_64, r-oldrel-macos-x86_64