CRAN Package Check Results for Package wavethresh

Last updated on 2021-09-24 05:55:45 CEST.

Flavor Version Tinstall Tcheck Ttotal Status Flags
r-devel-linux-x86_64-debian-clang 4.6.8 25.97 116.32 142.29 OK
r-devel-linux-x86_64-debian-gcc 4.6.8 21.01 85.86 106.87 OK
r-devel-linux-x86_64-fedora-clang 4.6.8 184.24 NOTE
r-devel-linux-x86_64-fedora-gcc 4.6.8 169.90 NOTE
r-devel-windows-x86_64 4.6.8 30.00 100.00 130.00 OK
r-devel-windows-x86_64-gcc10-UCRT 4.6.8 OK
r-patched-linux-x86_64 4.6.8 29.88 111.62 141.50 OK
r-patched-solaris-x86 4.6.8 200.70 OK
r-release-linux-x86_64 4.6.8 22.79 111.86 134.65 OK
r-release-macos-arm64 4.6.8 OK
r-release-macos-x86_64 4.6.8 OK
r-release-windows-ix86+x86_64 4.6.8 50.00 115.00 165.00 OK
r-oldrel-macos-x86_64 4.6.8 OK
r-oldrel-windows-ix86+x86_64 4.6.8 65.00 127.00 192.00 OK

Check Details

Version: 4.6.8
Check: compiled code
Result: NOTE
    File ‘wavethresh/libs/wavethresh.so’:
     Found no calls to: ‘R_registerRoutines’, ‘R_useDynamicSymbols’
    
    It is good practice to register native routines and to disable symbol
    search.
    
    See ‘Writing portable packages’ in the ‘Writing R Extensions’ manual.
Flavors: r-devel-linux-x86_64-fedora-clang, r-devel-linux-x86_64-fedora-gcc