CRAN Package Check Results for Package webchem

Last updated on 2019-08-25 05:47:02 CEST.

Flavor Version Tinstall Tcheck Ttotal Status Flags
r-devel-linux-x86_64-debian-clang 0.4.0 5.20 41.07 46.27 OK
r-devel-linux-x86_64-debian-gcc 0.4.0 4.60 32.93 37.53 OK
r-devel-linux-x86_64-fedora-clang 0.4.0 55.67 OK
r-devel-linux-x86_64-fedora-gcc 0.4.0 63.07 OK
r-devel-windows-ix86+x86_64 0.4.0 10.00 79.00 89.00 OK
r-patched-linux-x86_64 0.4.0 5.52 40.93 46.45 OK
r-patched-solaris-x86 0.4.0 92.30 NOTE
r-release-linux-x86_64 0.4.0 4.80 40.90 45.70 OK
r-release-windows-ix86+x86_64 0.4.0 18.00 89.00 107.00 OK
r-release-osx-x86_64 0.4.0 OK
r-oldrel-windows-ix86+x86_64 0.4.0 9.00 79.00 88.00 OK
r-oldrel-osx-x86_64 0.4.0 OK

Check Details

Version: 0.4.0
Check: package dependencies
Result: NOTE
    Package suggested but not available for checking: ‘rcdk’
Flavor: r-patched-solaris-x86