CRAN Package Check Results for Package webchem

Last updated on 2019-05-25 05:47:03 CEST.

Flavor Version Tinstall Tcheck Ttotal Status Flags
r-devel-linux-x86_64-debian-clang 0.4.0 5.07 41.74 46.81 OK
r-devel-linux-x86_64-debian-gcc 0.4.0 4.33 32.75 37.08 OK
r-devel-linux-x86_64-fedora-clang 0.4.0 57.28 OK
r-devel-linux-x86_64-fedora-gcc 0.4.0 53.66 OK
r-devel-windows-ix86+x86_64 0.4.0 10.00 79.00 89.00 OK
r-patched-linux-x86_64 0.4.0 OK
r-patched-solaris-x86 0.4.0 87.60 NOTE
r-release-linux-x86_64 0.4.0 4.94 41.33 46.27 OK
r-release-windows-ix86+x86_64 0.4.0 13.00 61.00 74.00 OK
r-release-osx-x86_64 0.4.0 OK
r-oldrel-windows-ix86+x86_64 0.4.0 10.00 54.00 64.00 OK
r-oldrel-osx-x86_64 0.4.0 OK

Check Details

Version: 0.4.0
Check: package dependencies
Result: NOTE
    Package suggested but not available for checking: ‘rcdk’
Flavor: r-patched-solaris-x86