Last updated on 2023-02-02 06:03:47 CET.
Flavor | Version | Tinstall | Tcheck | Ttotal | Status | Flags |
---|---|---|---|---|---|---|
r-devel-linux-x86_64-debian-clang | 0.1.5 | 14.33 | 145.70 | 160.03 | NOTE | |
r-devel-linux-x86_64-debian-gcc | 0.1.5 | 11.01 | 106.92 | 117.93 | NOTE | |
r-devel-linux-x86_64-fedora-clang | 0.1.5 | 173.10 | NOTE | |||
r-devel-linux-x86_64-fedora-gcc | 0.1.5 | 171.77 | NOTE | |||
r-patched-linux-x86_64 | 0.1.5 | 13.55 | 143.57 | 157.12 | NOTE | |
r-release-linux-x86_64 | 0.1.5 | 14.03 | 145.29 | 159.32 | NOTE | |
r-release-macos-arm64 | 0.1.5 | 52.00 | NOTE | |||
r-release-macos-x86_64 | 0.1.5 | 87.00 | NOTE | |||
r-release-windows-x86_64 | 0.1.5 | 26.00 | 198.00 | 224.00 | NOTE | |
r-oldrel-macos-arm64 | 0.1.5 | 64.00 | NOTE | |||
r-oldrel-macos-x86_64 | 0.1.5 | 102.00 | NOTE | |||
r-oldrel-windows-ix86+x86_64 | 0.1.5 | 37.00 | 185.00 | 222.00 | NOTE |
Version: 0.1.5
Check: LazyData
Result: NOTE
'LazyData' is specified without a 'data' directory
Flavors: r-devel-linux-x86_64-debian-clang, r-devel-linux-x86_64-debian-gcc, r-devel-linux-x86_64-fedora-clang, r-devel-linux-x86_64-fedora-gcc, r-patched-linux-x86_64, r-release-linux-x86_64, r-release-macos-arm64, r-release-macos-x86_64, r-release-windows-x86_64, r-oldrel-macos-arm64, r-oldrel-macos-x86_64, r-oldrel-windows-ix86+x86_64
Version: 0.1.5
Check: dependencies in R code
Result: NOTE
Namespaces in Imports field not imported from:
‘shiny’ ‘tidyselect’
All declared Imports should be used.
Flavors: r-devel-linux-x86_64-fedora-clang, r-devel-linux-x86_64-fedora-gcc, r-release-macos-arm64, r-release-macos-x86_64, r-oldrel-macos-arm64, r-oldrel-macos-x86_64