CRAN Package Check Results for Package weco

Last updated on 2019-09-15 05:46:30 CEST.

Flavor Version Tinstall Tcheck Ttotal Status Flags
r-devel-linux-x86_64-debian-clang 1.2 2.76 21.61 24.37 NOTE
r-devel-linux-x86_64-debian-gcc 1.2 2.19 17.54 19.73 NOTE
r-devel-linux-x86_64-fedora-clang 1.2 30.47 OK
r-devel-linux-x86_64-fedora-gcc 1.2 29.42 OK
r-devel-windows-ix86+x86_64 1.2 12.00 45.00 57.00 NOTE
r-patched-linux-x86_64 1.2 2.31 21.51 23.82 OK
r-patched-solaris-x86 1.2 44.50 OK
r-release-linux-x86_64 1.2 2.14 22.11 24.25 OK
r-release-windows-ix86+x86_64 1.2 7.00 43.00 50.00 OK
r-release-osx-x86_64 1.2 OK
r-oldrel-windows-ix86+x86_64 1.2 11.00 44.00 55.00 OK
r-oldrel-osx-x86_64 1.2 OK

Check Details

Version: 1.2
Check: package vignettes
Result: NOTE
    Package vignette with placeholder title 'Vignette Title':
     'weco-vignette.Rmd'
Flavors: r-devel-linux-x86_64-debian-clang, r-devel-linux-x86_64-debian-gcc, r-devel-windows-ix86+x86_64