CRAN Package Check Results for Package weco

Last updated on 2019-06-20 05:48:49 CEST.

Flavor Version Tinstall Tcheck Ttotal Status Flags
r-devel-linux-x86_64-debian-clang 1.2 2.34 21.31 23.65 OK
r-devel-linux-x86_64-debian-gcc 1.2 1.75 17.51 19.26 NOTE
r-devel-linux-x86_64-fedora-clang 1.2 30.25 OK
r-devel-linux-x86_64-fedora-gcc 1.2 28.87 OK
r-devel-windows-ix86+x86_64 1.2 13.00 57.00 70.00 OK
r-patched-linux-x86_64 1.2 2.30 21.38 23.68 OK
r-patched-solaris-x86 1.2 48.10 OK
r-release-linux-x86_64 1.2 2.41 21.51 23.92 OK
r-release-windows-ix86+x86_64 1.2 11.00 59.00 70.00 OK
r-release-osx-x86_64 1.2 OK
r-oldrel-windows-ix86+x86_64 1.2 6.00 63.00 69.00 OK
r-oldrel-osx-x86_64 1.2 OK

Check Details

Version: 1.2
Check: package vignettes
Result: NOTE
    Package vignette with placeholder title ‘Vignette Title’:
     ‘weco-vignette.Rmd’
Flavor: r-devel-linux-x86_64-debian-gcc