CRAN Package Check Results for Package weibulltools

Last updated on 2024-06-13 06:58:23 CEST.

Flavor Version Tinstall Tcheck Ttotal Status Flags
r-devel-linux-x86_64-debian-clang 2.1.0 55.69 193.43 249.12 OK
r-devel-linux-x86_64-debian-gcc 2.1.0 0.57 1.91 2.48 ERROR
r-devel-linux-x86_64-fedora-clang 2.1.0 317.55 OK
r-devel-linux-x86_64-fedora-gcc 2.1.0 344.21 OK
r-devel-windows-x86_64 2.1.0 40.00 169.00 209.00 OK
r-patched-linux-x86_64 2.1.0 46.67 180.85 227.52 OK
r-release-linux-x86_64 2.1.0 31.47 184.91 216.38 OK
r-release-macos-arm64 2.1.0 72.00 OK
r-release-macos-x86_64 2.1.0 120.00 OK
r-release-windows-x86_64 2.1.0 39.00 173.00 212.00 OK
r-oldrel-macos-arm64 2.1.0 84.00 OK
r-oldrel-macos-x86_64 2.1.0 139.00 OK
r-oldrel-windows-x86_64 2.1.0 51.00 209.00 260.00 OK

Check Details

Version: 2.1.0
Check: package dependencies
Result: ERROR Packages required but not available: 'dplyr', 'ggplot2', 'plotly', 'purrr', 'tibble' Packages suggested but not available for checking: 'testthat', 'pillar' See section ‘The DESCRIPTION file’ in the ‘Writing R Extensions’ manual. Flavor: r-devel-linux-x86_64-debian-gcc