CRAN Package Check Results for Package weightedScores

Last updated on 2021-10-21 05:51:18 CEST.

Flavor Version Tinstall Tcheck Ttotal Status Flags
r-devel-linux-x86_64-debian-clang 0.9.5.3 8.36 136.43 144.79 OK
r-devel-linux-x86_64-debian-gcc 0.9.5.3 7.48 100.31 107.79 OK
r-devel-linux-x86_64-fedora-clang 0.9.5.3 181.70 NOTE
r-devel-linux-x86_64-fedora-gcc 0.9.5.3 170.01 NOTE
r-devel-windows-x86_64 0.9.5.3 17.00 136.00 153.00 OK
r-devel-windows-x86_64-gcc10-UCRT 0.9.5.3 OK
r-patched-linux-x86_64 0.9.5.3 9.28 130.62 139.90 OK
r-patched-solaris-x86 0.9.5.3 197.70 OK
r-release-linux-x86_64 0.9.5.3 8.49 131.10 139.59 OK
r-release-macos-arm64 0.9.5.3 OK
r-release-macos-x86_64 0.9.5.3 OK
r-release-windows-ix86+x86_64 0.9.5.3 23.00 266.00 289.00 OK
r-oldrel-macos-x86_64 0.9.5.3 OK
r-oldrel-windows-ix86+x86_64 0.9.5.3 27.00 263.00 290.00 OK

Check Details

Version: 0.9.5.3
Check: compiled code
Result: NOTE
    File ‘weightedScores/libs/weightedScores.so’:
     Found no calls to: ‘R_registerRoutines’, ‘R_useDynamicSymbols’
    
    It is good practice to register native routines and to disable symbol
    search.
    
    See ‘Writing portable packages’ in the ‘Writing R Extensions’ manual.
Flavors: r-devel-linux-x86_64-fedora-clang, r-devel-linux-x86_64-fedora-gcc