CRAN Package Check Results for Package womblR

Last updated on 2019-07-16 05:48:37 CEST.

Flavor Version Tinstall Tcheck Ttotal Status Flags
r-devel-linux-x86_64-debian-clang 1.0.4 190.26 222.35 412.61 OK
r-devel-linux-x86_64-debian-gcc 1.0.4 168.26 174.01 342.27 OK
r-devel-linux-x86_64-fedora-clang 1.0.4 483.99 NOTE
r-devel-linux-x86_64-fedora-gcc 1.0.4 475.29 OK
r-devel-windows-ix86+x86_64 1.0.4 494.00 351.00 845.00 OK
r-patched-linux-x86_64 1.0.4 199.25 221.77 421.02 OK
r-patched-solaris-x86 1.0.4 801.50 OK
r-release-linux-x86_64 1.0.4 192.38 223.02 415.40 OK
r-release-windows-ix86+x86_64 1.0.4 357.00 455.00 812.00 OK
r-release-osx-x86_64 1.0.4 NOTE
r-oldrel-windows-ix86+x86_64 1.0.4 468.00 440.00 908.00 OK
r-oldrel-osx-x86_64 1.0.4 NOTE

Check Details

Version: 1.0.4
Check: installed package size
Result: NOTE
     installed size is 8.7Mb
     sub-directories of 1Mb or more:
     libs 7.9Mb
Flavors: r-devel-linux-x86_64-fedora-clang, r-release-osx-x86_64, r-oldrel-osx-x86_64