CRAN Package Check Results for Package word.alignment

Last updated on 2020-07-15 05:48:29 CEST.

Flavor Version Tinstall Tcheck Ttotal Status Flags
r-devel-linux-x86_64-debian-clang 1.1 3.76 34.16 37.92 OK
r-devel-linux-x86_64-debian-gcc 1.1 3.43 26.29 29.72 OK
r-devel-linux-x86_64-fedora-clang 1.1 54.49 OK
r-devel-linux-x86_64-fedora-gcc 1.1 46.87 OK
r-devel-windows-ix86+x86_64 1.1 13.00 46.00 59.00 OK
r-patched-linux-x86_64 1.1 4.66 33.04 37.70 OK
r-patched-solaris-x86 1.1 68.40 OK
r-release-linux-x86_64 1.1 4.66 32.74 37.40 OK
r-release-macos-x86_64 1.1 ERROR
r-release-windows-ix86+x86_64 1.1 15.00 46.00 61.00 OK
r-oldrel-macos-x86_64 1.1 OK
r-oldrel-windows-ix86+x86_64 1.1 11.00 63.00 74.00 OK

Check Details

Version: 1.1
Check: whether package can be installed
Result: ERROR
    Installation failed.
Flavor: r-release-macos-x86_64