CRAN Package Check Results for Package wordPuzzleR

Last updated on 2024-06-13 06:58:23 CEST.

Flavor Version Tinstall Tcheck Ttotal Status Flags
r-devel-linux-x86_64-debian-clang 0.1.1 2.73 33.65 36.38 OK
r-devel-linux-x86_64-debian-gcc 0.1.1 0.22 1.68 1.90 ERROR
r-devel-linux-x86_64-fedora-clang 0.1.1 46.14 OK
r-devel-linux-x86_64-fedora-gcc 0.1.1 45.45 OK
r-devel-windows-x86_64 0.1.1 5.00 47.00 52.00 OK
r-patched-linux-x86_64 0.1.1 3.95 32.62 36.57 OK
r-release-linux-x86_64 0.1.1 3.01 32.21 35.22 OK
r-release-macos-arm64 0.1.1 19.00 OK
r-release-macos-x86_64 0.1.1 25.00 OK
r-release-windows-x86_64 0.1.1 4.00 47.00 51.00 OK
r-oldrel-macos-arm64 0.1.1 22.00 OK
r-oldrel-macos-x86_64 0.1.1 37.00 OK
r-oldrel-windows-x86_64 0.1.1 5.00 50.00 55.00 OK

Check Details

Version: 0.1.1
Check: package dependencies
Result: ERROR Packages required but not available: 'purrr', 'stringr' See section ‘The DESCRIPTION file’ in the ‘Writing R Extensions’ manual. Flavor: r-devel-linux-x86_64-debian-gcc