Last updated on 2021-04-11 05:48:13 CEST.
Flavor | Version | Tinstall | Tcheck | Ttotal | Status | Flags |
---|---|---|---|---|---|---|
r-devel-linux-x86_64-debian-clang | 0.2.2 | 5.57 | 85.94 | 91.51 | NOTE | |
r-devel-linux-x86_64-debian-gcc | 0.2.2 | 4.78 | 66.85 | 71.63 | NOTE | |
r-devel-linux-x86_64-fedora-clang | 0.2.2 | 114.12 | NOTE | |||
r-devel-linux-x86_64-fedora-gcc | 0.2.2 | 111.76 | NOTE | |||
r-devel-windows-ix86+x86_64 | 0.2.2 | 10.00 | 81.00 | 91.00 | NOTE | |
r-devel-windows-x86_64-gcc10-UCRT | 0.2.2 | NOTE | ||||
r-patched-linux-x86_64 | 0.2.2 | 5.10 | 82.49 | 87.59 | OK | |
r-patched-solaris-x86 | 0.2.2 | 149.70 | OK | |||
r-release-linux-x86_64 | 0.2.2 | 3.78 | 83.74 | 87.52 | OK | |
r-release-macos-x86_64 | 0.2.2 | OK | ||||
r-release-windows-ix86+x86_64 | 0.2.2 | 13.00 | 110.00 | 123.00 | OK | |
r-oldrel-macos-x86_64 | 0.2.2 | OK | ||||
r-oldrel-windows-ix86+x86_64 | 0.2.2 | 11.00 | 81.00 | 92.00 | OK |
Version: 0.2.2
Check: LazyData
Result: NOTE
'LazyData' is specified without a 'data' directory
Flavors: r-devel-linux-x86_64-debian-clang, r-devel-linux-x86_64-debian-gcc, r-devel-linux-x86_64-fedora-clang, r-devel-linux-x86_64-fedora-gcc, r-devel-windows-ix86+x86_64, r-devel-windows-x86_64-gcc10-UCRT