CRAN Package Check Results for Package wowa

Last updated on 2022-01-24 05:52:07 CET.

Flavor Version Tinstall Tcheck Ttotal Status Flags
r-devel-linux-x86_64-debian-clang 1.0.1 18.49 34.29 52.78 NOTE
r-devel-linux-x86_64-debian-gcc 1.0.1 12.80 26.64 39.44 NOTE
r-devel-linux-x86_64-fedora-clang 1.0.1 75.28 NOTE
r-devel-linux-x86_64-fedora-gcc 1.0.1 57.67 NOTE
r-devel-windows-x86_64-new-UL 1.0.1 33.00 71.00 104.00 NOTE
r-devel-windows-x86_64-new-TK 1.0.1 NOTE
r-patched-linux-x86_64 1.0.1 16.52 32.89 49.41 NOTE
r-release-linux-x86_64 1.0.1 17.25 32.63 49.88 NOTE
r-release-macos-arm64 1.0.1 NOTE
r-release-macos-x86_64 1.0.1 NOTE
r-release-windows-ix86+x86_64 1.0.1 49.00 67.00 116.00 NOTE
r-oldrel-macos-x86_64 1.0.1 OK
r-oldrel-windows-ix86+x86_64 1.0.1 49.00 67.00 116.00 OK

Check Details

Version: 1.0.1
Check: LazyData
Result: NOTE
     'LazyData' is specified without a 'data' directory
Flavors: r-devel-linux-x86_64-debian-clang, r-devel-linux-x86_64-debian-gcc, r-devel-linux-x86_64-fedora-clang, r-devel-linux-x86_64-fedora-gcc, r-devel-windows-x86_64-new-UL, r-devel-windows-x86_64-new-TK, r-patched-linux-x86_64, r-release-linux-x86_64, r-release-macos-arm64, r-release-macos-x86_64, r-release-windows-ix86+x86_64