CRAN Package Check Results for Package wpp2019

Last updated on 2021-06-13 05:51:23 CEST.

Flavor Version Tinstall Tcheck Ttotal Status Flags
r-devel-linux-x86_64-debian-clang 1.1-1 2.71 45.05 47.76 OK
r-devel-linux-x86_64-debian-gcc 1.1-1 2.01 34.49 36.50 OK
r-devel-linux-x86_64-fedora-clang 1.1-1 65.67 NOTE
r-devel-linux-x86_64-fedora-gcc 1.1-1 55.14 OK
r-devel-windows-x86_64 1.1-1 7.00 72.00 79.00 NOTE
r-devel-windows-x86_64-gcc10-UCRT 1.1-1 OK
r-patched-linux-x86_64 1.1-1 2.66 42.06 44.72 OK
r-patched-solaris-x86 1.1-1 89.00 NOTE
r-release-linux-x86_64 1.1-1 2.50 41.49 43.99 OK
r-release-macos-arm64 1.1-1 NOTE
r-release-macos-x86_64 1.1-1 NOTE
r-release-windows-ix86+x86_64 1.1-1 9.00 69.00 78.00 NOTE
r-oldrel-macos-x86_64 1.1-1 NOTE
r-oldrel-windows-ix86+x86_64 1.1-1 7.00 65.00 72.00 NOTE

Check Details

Version: 1.1-1
Check: installed package size
Result: NOTE
     installed size is 11.4Mb
     sub-directories of 1Mb or more:
     data 11.3Mb
Flavors: r-devel-linux-x86_64-fedora-clang, r-devel-windows-x86_64, r-patched-solaris-x86, r-release-macos-arm64, r-release-macos-x86_64, r-release-windows-ix86+x86_64, r-oldrel-macos-x86_64, r-oldrel-windows-ix86+x86_64