CRAN Package Check Results for Package wrappedtools

Last updated on 2024-06-13 06:58:23 CEST.

Flavor Version Tinstall Tcheck Ttotal Status Flags
r-devel-linux-x86_64-debian-clang 0.9.5 17.54 192.63 210.17 OK
r-devel-linux-x86_64-debian-gcc 0.9.5 0.47 1.94 2.41 ERROR
r-devel-linux-x86_64-fedora-clang 0.9.5 262.75 OK
r-devel-linux-x86_64-fedora-gcc 0.9.5 257.49 OK
r-devel-windows-x86_64 0.9.5 16.00 159.00 175.00 OK
r-patched-linux-x86_64 0.9.5 19.25 184.56 203.81 OK
r-release-linux-x86_64 0.9.5 10.79 178.04 188.83 OK
r-release-macos-arm64 0.9.5 76.00 OK
r-release-macos-x86_64 0.9.5 112.00 OK
r-release-windows-x86_64 0.9.5 17.00 170.00 187.00 OK
r-oldrel-macos-arm64 0.9.5 82.00 OK
r-oldrel-macos-x86_64 0.9.5 166.00 OK
r-oldrel-windows-x86_64 0.9.5 21.00 194.00 215.00 OK

Check Details

Version: 0.9.5
Check: package dependencies
Result: ERROR Packages required but not available: 'dplyr', 'forcats', 'purrr', 'stringr', 'ggplot2', 'tibble', 'tidyr', 'kableExtra', 'broom', 'DescTools' Packages suggested but not available for checking: 'testthat', 'ggrepel' See section ‘The DESCRIPTION file’ in the ‘Writing R Extensions’ manual. Flavor: r-devel-linux-x86_64-debian-gcc