CRAN Package Check Results for Package wwntests

Last updated on 2021-10-15 05:54:09 CEST.

Flavor Version Tinstall Tcheck Ttotal Status Flags
r-devel-linux-x86_64-debian-clang 1.0.1 14.42 190.11 204.53 NOTE
r-devel-linux-x86_64-debian-gcc 1.0.1 11.33 137.96 149.29 NOTE
r-devel-linux-x86_64-fedora-clang 1.0.1 247.76 NOTE
r-devel-linux-x86_64-fedora-gcc 1.0.1 234.87 NOTE
r-devel-windows-x86_64 1.0.1 26.00 163.00 189.00 NOTE
r-devel-windows-x86_64-gcc10-UCRT 1.0.1 NOTE
r-patched-linux-x86_64 1.0.1 13.00 177.32 190.32 NOTE
r-patched-solaris-x86 1.0.1 296.00 NOTE
r-release-linux-x86_64 1.0.1 13.69 177.23 190.92 NOTE
r-release-macos-arm64 1.0.1 NOTE
r-release-macos-x86_64 1.0.1 NOTE
r-release-windows-ix86+x86_64 1.0.1 34.00 228.00 262.00 NOTE
r-oldrel-macos-x86_64 1.0.1 OK
r-oldrel-windows-ix86+x86_64 1.0.1 34.00 232.00 266.00 OK

Check Details

Version: 1.0.1
Check: LazyData
Result: NOTE
     'LazyData' is specified without a 'data' directory
Flavors: r-devel-linux-x86_64-debian-clang, r-devel-linux-x86_64-debian-gcc, r-devel-linux-x86_64-fedora-clang, r-devel-linux-x86_64-fedora-gcc, r-devel-windows-x86_64, r-devel-windows-x86_64-gcc10-UCRT, r-patched-linux-x86_64, r-patched-solaris-x86, r-release-linux-x86_64, r-release-macos-arm64, r-release-macos-x86_64, r-release-windows-ix86+x86_64