CRAN Package Check Results for Package wyz.code.metaTesting

Last updated on 2021-06-14 05:50:50 CEST.

Flavor Version Tinstall Tcheck Ttotal Status Flags
r-devel-linux-x86_64-debian-clang 1.1.20 7.19 79.20 86.39 NOTE
r-devel-linux-x86_64-debian-gcc 1.1.20 6.08 59.09 65.17 NOTE
r-devel-linux-x86_64-fedora-clang 1.1.20 110.93 NOTE
r-devel-linux-x86_64-fedora-gcc 1.1.20 98.79 NOTE
r-devel-windows-x86_64 1.1.20 12.00 118.00 130.00 NOTE
r-devel-windows-x86_64-gcc10-UCRT 1.1.20 NOTE
r-patched-linux-x86_64 1.1.20 7.79 74.48 82.27 NOTE
r-patched-solaris-x86 1.1.20 139.20 NOTE
r-release-linux-x86_64 1.1.20 7.39 73.16 80.55 NOTE
r-release-macos-arm64 1.1.20 NOTE
r-release-macos-x86_64 1.1.20 NOTE
r-release-windows-ix86+x86_64 1.1.20 18.00 99.00 117.00 NOTE
r-oldrel-macos-x86_64 1.1.20 OK
r-oldrel-windows-ix86+x86_64 1.1.20 19.00 152.00 171.00 OK

Check Details

Version: 1.1.20
Check: LazyData
Result: NOTE
     'LazyData' is specified without a 'data' directory
Flavors: r-devel-linux-x86_64-debian-clang, r-devel-linux-x86_64-debian-gcc, r-devel-linux-x86_64-fedora-clang, r-devel-linux-x86_64-fedora-gcc, r-devel-windows-x86_64, r-devel-windows-x86_64-gcc10-UCRT, r-patched-linux-x86_64, r-patched-solaris-x86, r-release-linux-x86_64, r-release-macos-arm64, r-release-macos-x86_64, r-release-windows-ix86+x86_64