CRAN Package Check Results for Package xRing

Last updated on 2023-02-02 06:03:47 CET.

Flavor Version Tinstall Tcheck Ttotal Status Flags
r-devel-linux-x86_64-debian-clang 0.1.1 16.40 132.79 149.19 OK
r-devel-linux-x86_64-debian-gcc 0.1.1 13.51 100.17 113.68 OK
r-devel-linux-x86_64-fedora-clang 0.1.1 186.04 NOTE
r-devel-linux-x86_64-fedora-gcc 0.1.1 180.98 NOTE
r-patched-linux-x86_64 0.1.1 23.83 144.42 168.25 OK
r-release-linux-x86_64 0.1.1 20.98 146.36 167.34 OK
r-release-macos-arm64 0.1.1 91.00 NOTE
r-release-macos-x86_64 0.1.1 141.00 NOTE
r-release-windows-x86_64 0.1.1 36.00 169.00 205.00 OK
r-oldrel-macos-arm64 0.1.1 67.00 NOTE
r-oldrel-macos-x86_64 0.1.1 109.00 NOTE
r-oldrel-windows-ix86+x86_64 0.1.1 30.00 146.00 176.00 OK

Check Details

Version: 0.1.1
Check: dependencies in R code
Result: NOTE
    Namespace in Imports field not imported from: ‘tcltk2’
     All declared Imports should be used.
Flavors: r-devel-linux-x86_64-fedora-clang, r-devel-linux-x86_64-fedora-gcc, r-release-macos-arm64, r-release-macos-x86_64, r-oldrel-macos-arm64, r-oldrel-macos-x86_64